{"id":24035,"date":"2026-04-14T12:24:10","date_gmt":"2026-04-14T10:24:10","guid":{"rendered":"https:\/\/szereczauto.hu\/webshop\/?post_type=product&#038;p=24035"},"modified":"2026-04-21T09:36:10","modified_gmt":"2026-04-21T07:36:10","slug":"stevens-e-triton-7-6-1-unisex-gb","status":"publish","type":"product","link":"https:\/\/szereczauto.hu\/webshop\/termek\/stevens-e-triton-7-6-1-unisex-gb\/","title":{"rendered":"Stevens E-Triton 7.6.1 unisex"},"content":{"rendered":"<p>Stevens E-Triton 7.6.1 unisex e-trekking ker\u00e9kp\u00e1r. Elektromos r\u00e1seg\u00edt\u00e9ssel felszerelt t\u00faraker\u00e9kp\u00e1r, amelyet hosszabb t\u00e1vok megt\u00e9tel\u00e9re, aszfaltozott \u00e9s k\u00f6nnyebb terepviszonyok (murva, erdei \u00fat) k\u00f6z\u00f6tti k\u00e9nyelmes k\u00f6zleked\u00e9sre terveztek. S\u00e1rv\u00e9d\u0151vel, csomagtart\u00f3val, l\u00e1mp\u00e1val felszerelt, k\u00e9nyelmes \u00fcl\u00e9spoz\u00edci\u00f3t biztos\u00edt.<\/p>\n<p>Tulajdons\u00e1gok:<\/p>\n<p>Alum\u00ednium v\u00e1z.<br \/>\nSR Suntour Mobie25-Air LOR els\u0151 villa.<br \/>\nTektro Volans els\u0151 &#8211; h\u00e1ts\u00f3 t\u00e1rcsaf\u00e9k, 180 mm t\u00e1rcs\u00e1kkal.<br \/>\nF\u00e9kkar: Tektro HD-T532<br \/>\nShimano Deore Shadow+ RD-M5120-SGS, v\u00e1lt\u00f3.<br \/>\nShimano Deore SL-M5100 v\u00e1lt\u00f3kar.<br \/>\nSunRace CSMS8, 11 sebess\u00e9ges fogasker\u00e9k.<br \/>\nBosch k\u00f6z\u00e9pcsap\u00e1gy.<br \/>\nEl\u00f6l -h\u00e1t\u00faul Oxygen RM-26 Disc SL, 26 x 622 felni<br \/>\nShimano Deore XT HB-M8010 els\u0151 ker\u00e9kagy.<br \/>\nH\u00e1tul Shimano Deore XT FH-M8010 ker\u00e9kagy.<br \/>\nSchwalbe Marathon E-Plus Performance, 50-622 k\u00fcls\u0151 gumik<br \/>\nOxygen E-Scorpo 680 mm korm\u00e1ny.<br \/>\nSelle Royal ON Female nyereg.<br \/>\nOxygen E-Scorpo nyeregcs\u0151.<br \/>\nATB Alu Pro Reflex ped\u00e1l.<br \/>\nEls\u0151 vil\u00e1g\u00edt\u00e1s B+M IQ-XS Friendly.<br \/>\nH\u00e1ts\u00f3 vil\u00e1g\u00edt\u00e1s B+M Shine Evo.<br \/>\nCsomagtart\u00f3:Racktime Shine Evo RTA csomagtart\u00f3.<br \/>\nSKS s\u00e1rv\u00e9d\u0151.<br \/>\nSTEVENS Edge kit\u00e1maszt\u00f3.<br \/>\nBosch G4 Performance Line CX motor.<br \/>\nBosch PowerTube 625 akkumul\u00e1tor.<br \/>\nKijelz\u0151: Bosch Kiox 300<br \/>\nSebess\u00e9gek sz\u00e1ma: 11<br \/>\nS\u00faly: 28,4 kg<br \/>\nMax. terhelhet\u0151s\u00e9g: 140 kg<\/p>\n<p><span style=\"color: #ff0000;\"><a style=\"color: #ff0000;\" href=\"https:\/\/www.bosch-ebike.com\/en\/service\/range-assistant\/\" target=\"_blank\" rel=\"noopener\">Itt n\u00e9zhet\u0151 meg a hat\u00f3t\u00e1vols\u00e1g.\u00a0<\/a><\/span><\/p>\n<p><a href=\"https:\/\/www.stevensbikes.hu\/E-Bike\/E-Trekking\" target=\"_blank\" rel=\"noopener\"><span style=\"color: #0000ff;\">\u00d6sszes Stevens E-Trekking megtekint\u00e9se.<\/span><\/a><\/p>\n<p style=\"text-align: left;\"><span style=\"color: #000000;\"><strong>K\u00e9rd\u00e9se van, seg\u00edts\u00e9gre van sz\u00fcks\u00e9ge! &#8211;<\/strong><span style=\"color: #3366ff;\"><a style=\"color: #3366ff;\" href=\"http:\/\/szereczauto.hu\/kerdezzen\/\" target=\"_blank\" rel=\"noopener noreferrer\"><strong> Itt l\u00e9phet kapcsolatba vel\u00fcnk!<\/strong><\/a><\/span><\/span><\/p>\n","protected":false},"excerpt":{"rendered":"<p><strong>Ker\u00e9kp\u00e1rt \u00fczembe helyezve, szem\u00e9lyes \u00e1tv\u00e9tellel \u00e1rus\u00edtunk! Ne fizesse ki a term\u00e9ket, amig nem igazoljuk vissza a sz\u00e1ll\u00edt\u00e1st!<\/strong><\/p>\n<p><strong><a href=\"https:\/\/szereczauto.hu\/webshop\/wp-content\/uploads\/2026\/04\/Mi-a-jo-kerekparmeret-nekem.pdf\" target=\"_blank\" rel=\"noopener\"><span style=\"color: #ff0000;\">Mekkora v\u00e1zm\u00e9ret kell nekem?<\/span><\/a><\/strong><\/p>\n","protected":false},"featured_media":24037,"comment_status":"open","ping_status":"closed","template":"","meta":{"_et_pb_use_builder":"","_et_pb_old_content":"","_et_gb_content_width":"","wp_popup_display_lightbox":0,"wp_popup_suppress":"","wp_popup_trigger":"","wp_popup_trigger_amount":0,"wp_popup_disable_on_mobile":false},"product_brand":[],"product_cat":[385,248],"product_tag":[],"class_list":{"0":"post-24035","1":"product","2":"type-product","3":"status-publish","4":"has-post-thumbnail","6":"product_cat-e-trekking-kerekpar","7":"product_cat-elektromos-kerekpar","8":"product_shipping_class-tetobox","10":"first","11":"instock","12":"featured","13":"shipping-taxable","14":"purchasable","15":"product-type-variable"},"yoast_head":"<!-- This site is optimized with the Yoast SEO plugin v27.4 - https:\/\/yoast.com\/product\/yoast-seo-wordpress\/ -->\n<title>Stevens E-Triton 7.6.1 unisex &#187; Szerecz Aut\u00f3alkatr\u00e9sz Web\u00e1ruh\u00e1z<\/title>\n<meta name=\"robots\" content=\"index, follow, max-snippet:-1, max-image-preview:large, max-video-preview:-1\" \/>\n<link rel=\"canonical\" href=\"https:\/\/szereczauto.hu\/webshop\/termek\/stevens-e-triton-7-6-1-unisex-gb\/\" \/>\n<meta property=\"og:locale\" content=\"hu_HU\" \/>\n<meta property=\"og:type\" content=\"article\" \/>\n<meta property=\"og:title\" content=\"Stevens E-Triton 7.6.1 unisex &#187; Szerecz Aut\u00f3alkatr\u00e9sz Web\u00e1ruh\u00e1z\" \/>\n<meta property=\"og:description\" content=\"Ker\u00e9kp\u00e1rt \u00fczembe helyezve, szem\u00e9lyes \u00e1tv\u00e9tellel \u00e1rus\u00edtunk! Ne fizesse ki a term\u00e9ket, amig nem igazoljuk vissza a sz\u00e1ll\u00edt\u00e1st!  Mekkora v\u00e1zm\u00e9ret kell nekem?\" \/>\n<meta property=\"og:url\" content=\"https:\/\/szereczauto.hu\/webshop\/termek\/stevens-e-triton-7-6-1-unisex-gb\/\" \/>\n<meta property=\"og:site_name\" content=\"Szerecz Aut\u00f3alkatr\u00e9sz Web\u00e1ruh\u00e1z\" \/>\n<meta property=\"article:publisher\" content=\"https:\/\/www.facebook.com\/szereczauto\/\" \/>\n<meta property=\"article:modified_time\" content=\"2026-04-21T07:36:10+00:00\" \/>\n<meta property=\"og:image\" content=\"https:\/\/szereczauto.hu\/webshop\/wp-content\/uploads\/2026\/04\/E-Triton-761-Forma_23_46_Glacier-Blue-MY23.jpg\" \/>\n\t<meta property=\"og:image:width\" content=\"800\" \/>\n\t<meta property=\"og:image:height\" content=\"800\" \/>\n\t<meta property=\"og:image:type\" content=\"image\/jpeg\" \/>\n<script type=\"application\/ld+json\" class=\"yoast-schema-graph\">{\"@context\":\"https:\\\/\\\/schema.org\",\"@graph\":[{\"@type\":\"WebPage\",\"@id\":\"https:\\\/\\\/szereczauto.hu\\\/webshop\\\/termek\\\/stevens-e-triton-7-6-1-unisex-gb\\\/\",\"url\":\"https:\\\/\\\/szereczauto.hu\\\/webshop\\\/termek\\\/stevens-e-triton-7-6-1-unisex-gb\\\/\",\"name\":\"Stevens E-Triton 7.6.1 unisex &#187; Szerecz Aut\u00f3alkatr\u00e9sz Web\u00e1ruh\u00e1z\",\"isPartOf\":{\"@id\":\"https:\\\/\\\/szereczauto.hu\\\/webshop\\\/#website\"},\"primaryImageOfPage\":{\"@id\":\"https:\\\/\\\/szereczauto.hu\\\/webshop\\\/termek\\\/stevens-e-triton-7-6-1-unisex-gb\\\/#primaryimage\"},\"image\":{\"@id\":\"https:\\\/\\\/szereczauto.hu\\\/webshop\\\/termek\\\/stevens-e-triton-7-6-1-unisex-gb\\\/#primaryimage\"},\"thumbnailUrl\":\"https:\\\/\\\/szereczauto.hu\\\/webshop\\\/wp-content\\\/uploads\\\/2026\\\/04\\\/E-Triton-761-Forma_23_46_Glacier-Blue-MY23.jpg\",\"datePublished\":\"2026-04-14T10:24:10+00:00\",\"dateModified\":\"2026-04-21T07:36:10+00:00\",\"breadcrumb\":{\"@id\":\"https:\\\/\\\/szereczauto.hu\\\/webshop\\\/termek\\\/stevens-e-triton-7-6-1-unisex-gb\\\/#breadcrumb\"},\"inLanguage\":\"hu\",\"potentialAction\":[{\"@type\":\"ReadAction\",\"target\":[\"https:\\\/\\\/szereczauto.hu\\\/webshop\\\/termek\\\/stevens-e-triton-7-6-1-unisex-gb\\\/\"]}]},{\"@type\":\"ImageObject\",\"inLanguage\":\"hu\",\"@id\":\"https:\\\/\\\/szereczauto.hu\\\/webshop\\\/termek\\\/stevens-e-triton-7-6-1-unisex-gb\\\/#primaryimage\",\"url\":\"https:\\\/\\\/szereczauto.hu\\\/webshop\\\/wp-content\\\/uploads\\\/2026\\\/04\\\/E-Triton-761-Forma_23_46_Glacier-Blue-MY23.jpg\",\"contentUrl\":\"https:\\\/\\\/szereczauto.hu\\\/webshop\\\/wp-content\\\/uploads\\\/2026\\\/04\\\/E-Triton-761-Forma_23_46_Glacier-Blue-MY23.jpg\",\"width\":800,\"height\":800},{\"@type\":\"BreadcrumbList\",\"@id\":\"https:\\\/\\\/szereczauto.hu\\\/webshop\\\/termek\\\/stevens-e-triton-7-6-1-unisex-gb\\\/#breadcrumb\",\"itemListElement\":[{\"@type\":\"ListItem\",\"position\":1,\"name\":\"Home\",\"item\":\"https:\\\/\\\/szereczauto.hu\\\/webshop\\\/\"},{\"@type\":\"ListItem\",\"position\":2,\"name\":\"Term\u00e9keink\",\"item\":\"https:\\\/\\\/szereczauto.hu\\\/webshop\\\/shop\\\/\"},{\"@type\":\"ListItem\",\"position\":3,\"name\":\"Stevens E-Triton 7.6.1 unisex\"}]},{\"@type\":\"WebSite\",\"@id\":\"https:\\\/\\\/szereczauto.hu\\\/webshop\\\/#website\",\"url\":\"https:\\\/\\\/szereczauto.hu\\\/webshop\\\/\",\"name\":\"Szerecz Aut\u00f3alkatr\u00e9sz Web\u00e1ruh\u00e1z\",\"description\":\"Szerecz Aut\u00f3 Kft. - Thule term\u00e9kek, aut\u00f3alkatr\u00e9szek web\u00e1ruh\u00e1za\",\"publisher\":{\"@id\":\"https:\\\/\\\/szereczauto.hu\\\/webshop\\\/#organization\"},\"potentialAction\":[{\"@type\":\"SearchAction\",\"target\":{\"@type\":\"EntryPoint\",\"urlTemplate\":\"https:\\\/\\\/szereczauto.hu\\\/webshop\\\/?s={search_term_string}\"},\"query-input\":{\"@type\":\"PropertyValueSpecification\",\"valueRequired\":true,\"valueName\":\"search_term_string\"}}],\"inLanguage\":\"hu\"},{\"@type\":\"Organization\",\"@id\":\"https:\\\/\\\/szereczauto.hu\\\/webshop\\\/#organization\",\"name\":\"Szerecz Aut\u00f3alkatr\u00e9sz Web\u00e1ruh\u00e1z\",\"url\":\"https:\\\/\\\/szereczauto.hu\\\/webshop\\\/\",\"logo\":{\"@type\":\"ImageObject\",\"inLanguage\":\"hu\",\"@id\":\"https:\\\/\\\/szereczauto.hu\\\/webshop\\\/#\\\/schema\\\/logo\\\/image\\\/\",\"url\":\"https:\\\/\\\/szereczauto.hu\\\/webshop\\\/wp-content\\\/uploads\\\/2018\\\/12\\\/Szerecz_fav_2018.png\",\"contentUrl\":\"https:\\\/\\\/szereczauto.hu\\\/webshop\\\/wp-content\\\/uploads\\\/2018\\\/12\\\/Szerecz_fav_2018.png\",\"width\":512,\"height\":512,\"caption\":\"Szerecz Aut\u00f3alkatr\u00e9sz Web\u00e1ruh\u00e1z\"},\"image\":{\"@id\":\"https:\\\/\\\/szereczauto.hu\\\/webshop\\\/#\\\/schema\\\/logo\\\/image\\\/\"},\"sameAs\":[\"https:\\\/\\\/www.facebook.com\\\/szereczauto\\\/\",\"https:\\\/\\\/www.youtube.com\\\/channel\\\/UCGA5LXUmL_i2xDxT2GNNEBQ\"]}]}<\/script>\n<!-- \/ Yoast SEO plugin. -->","yoast_head_json":{"title":"Stevens E-Triton 7.6.1 unisex &#187; Szerecz Aut\u00f3alkatr\u00e9sz Web\u00e1ruh\u00e1z","robots":{"index":"index","follow":"follow","max-snippet":"max-snippet:-1","max-image-preview":"max-image-preview:large","max-video-preview":"max-video-preview:-1"},"canonical":"https:\/\/szereczauto.hu\/webshop\/termek\/stevens-e-triton-7-6-1-unisex-gb\/","og_locale":"hu_HU","og_type":"article","og_title":"Stevens E-Triton 7.6.1 unisex &#187; Szerecz Aut\u00f3alkatr\u00e9sz Web\u00e1ruh\u00e1z","og_description":"Ker\u00e9kp\u00e1rt \u00fczembe helyezve, szem\u00e9lyes \u00e1tv\u00e9tellel \u00e1rus\u00edtunk! Ne fizesse ki a term\u00e9ket, amig nem igazoljuk vissza a sz\u00e1ll\u00edt\u00e1st!  Mekkora v\u00e1zm\u00e9ret kell nekem?","og_url":"https:\/\/szereczauto.hu\/webshop\/termek\/stevens-e-triton-7-6-1-unisex-gb\/","og_site_name":"Szerecz Aut\u00f3alkatr\u00e9sz Web\u00e1ruh\u00e1z","article_publisher":"https:\/\/www.facebook.com\/szereczauto\/","article_modified_time":"2026-04-21T07:36:10+00:00","og_image":[{"width":800,"height":800,"url":"https:\/\/szereczauto.hu\/webshop\/wp-content\/uploads\/2026\/04\/E-Triton-761-Forma_23_46_Glacier-Blue-MY23.jpg","type":"image\/jpeg"}],"schema":{"@context":"https:\/\/schema.org","@graph":[{"@type":"WebPage","@id":"https:\/\/szereczauto.hu\/webshop\/termek\/stevens-e-triton-7-6-1-unisex-gb\/","url":"https:\/\/szereczauto.hu\/webshop\/termek\/stevens-e-triton-7-6-1-unisex-gb\/","name":"Stevens E-Triton 7.6.1 unisex &#187; Szerecz Aut\u00f3alkatr\u00e9sz Web\u00e1ruh\u00e1z","isPartOf":{"@id":"https:\/\/szereczauto.hu\/webshop\/#website"},"primaryImageOfPage":{"@id":"https:\/\/szereczauto.hu\/webshop\/termek\/stevens-e-triton-7-6-1-unisex-gb\/#primaryimage"},"image":{"@id":"https:\/\/szereczauto.hu\/webshop\/termek\/stevens-e-triton-7-6-1-unisex-gb\/#primaryimage"},"thumbnailUrl":"https:\/\/szereczauto.hu\/webshop\/wp-content\/uploads\/2026\/04\/E-Triton-761-Forma_23_46_Glacier-Blue-MY23.jpg","datePublished":"2026-04-14T10:24:10+00:00","dateModified":"2026-04-21T07:36:10+00:00","breadcrumb":{"@id":"https:\/\/szereczauto.hu\/webshop\/termek\/stevens-e-triton-7-6-1-unisex-gb\/#breadcrumb"},"inLanguage":"hu","potentialAction":[{"@type":"ReadAction","target":["https:\/\/szereczauto.hu\/webshop\/termek\/stevens-e-triton-7-6-1-unisex-gb\/"]}]},{"@type":"ImageObject","inLanguage":"hu","@id":"https:\/\/szereczauto.hu\/webshop\/termek\/stevens-e-triton-7-6-1-unisex-gb\/#primaryimage","url":"https:\/\/szereczauto.hu\/webshop\/wp-content\/uploads\/2026\/04\/E-Triton-761-Forma_23_46_Glacier-Blue-MY23.jpg","contentUrl":"https:\/\/szereczauto.hu\/webshop\/wp-content\/uploads\/2026\/04\/E-Triton-761-Forma_23_46_Glacier-Blue-MY23.jpg","width":800,"height":800},{"@type":"BreadcrumbList","@id":"https:\/\/szereczauto.hu\/webshop\/termek\/stevens-e-triton-7-6-1-unisex-gb\/#breadcrumb","itemListElement":[{"@type":"ListItem","position":1,"name":"Home","item":"https:\/\/szereczauto.hu\/webshop\/"},{"@type":"ListItem","position":2,"name":"Term\u00e9keink","item":"https:\/\/szereczauto.hu\/webshop\/shop\/"},{"@type":"ListItem","position":3,"name":"Stevens E-Triton 7.6.1 unisex"}]},{"@type":"WebSite","@id":"https:\/\/szereczauto.hu\/webshop\/#website","url":"https:\/\/szereczauto.hu\/webshop\/","name":"Szerecz Aut\u00f3alkatr\u00e9sz Web\u00e1ruh\u00e1z","description":"Szerecz Aut\u00f3 Kft. - Thule term\u00e9kek, aut\u00f3alkatr\u00e9szek web\u00e1ruh\u00e1za","publisher":{"@id":"https:\/\/szereczauto.hu\/webshop\/#organization"},"potentialAction":[{"@type":"SearchAction","target":{"@type":"EntryPoint","urlTemplate":"https:\/\/szereczauto.hu\/webshop\/?s={search_term_string}"},"query-input":{"@type":"PropertyValueSpecification","valueRequired":true,"valueName":"search_term_string"}}],"inLanguage":"hu"},{"@type":"Organization","@id":"https:\/\/szereczauto.hu\/webshop\/#organization","name":"Szerecz Aut\u00f3alkatr\u00e9sz Web\u00e1ruh\u00e1z","url":"https:\/\/szereczauto.hu\/webshop\/","logo":{"@type":"ImageObject","inLanguage":"hu","@id":"https:\/\/szereczauto.hu\/webshop\/#\/schema\/logo\/image\/","url":"https:\/\/szereczauto.hu\/webshop\/wp-content\/uploads\/2018\/12\/Szerecz_fav_2018.png","contentUrl":"https:\/\/szereczauto.hu\/webshop\/wp-content\/uploads\/2018\/12\/Szerecz_fav_2018.png","width":512,"height":512,"caption":"Szerecz Aut\u00f3alkatr\u00e9sz Web\u00e1ruh\u00e1z"},"image":{"@id":"https:\/\/szereczauto.hu\/webshop\/#\/schema\/logo\/image\/"},"sameAs":["https:\/\/www.facebook.com\/szereczauto\/","https:\/\/www.youtube.com\/channel\/UCGA5LXUmL_i2xDxT2GNNEBQ"]}]}},"_links":{"self":[{"href":"https:\/\/szereczauto.hu\/webshop\/wp-json\/wp\/v2\/product\/24035","targetHints":{"allow":["GET"]}}],"collection":[{"href":"https:\/\/szereczauto.hu\/webshop\/wp-json\/wp\/v2\/product"}],"about":[{"href":"https:\/\/szereczauto.hu\/webshop\/wp-json\/wp\/v2\/types\/product"}],"replies":[{"embeddable":true,"href":"https:\/\/szereczauto.hu\/webshop\/wp-json\/wp\/v2\/comments?post=24035"}],"wp:featuredmedia":[{"embeddable":true,"href":"https:\/\/szereczauto.hu\/webshop\/wp-json\/wp\/v2\/media\/24037"}],"wp:attachment":[{"href":"https:\/\/szereczauto.hu\/webshop\/wp-json\/wp\/v2\/media?parent=24035"}],"wp:term":[{"taxonomy":"product_brand","embeddable":true,"href":"https:\/\/szereczauto.hu\/webshop\/wp-json\/wp\/v2\/product_brand?post=24035"},{"taxonomy":"product_cat","embeddable":true,"href":"https:\/\/szereczauto.hu\/webshop\/wp-json\/wp\/v2\/product_cat?post=24035"},{"taxonomy":"product_tag","embeddable":true,"href":"https:\/\/szereczauto.hu\/webshop\/wp-json\/wp\/v2\/product_tag?post=24035"}],"curies":[{"name":"wp","href":"https:\/\/api.w.org\/{rel}","templated":true}]}}