{"id":22326,"date":"2023-10-23T10:07:08","date_gmt":"2023-10-23T08:07:08","guid":{"rendered":"https:\/\/szereczauto.hu\/webshop\/?post_type=product&#038;p=22326"},"modified":"2026-01-27T10:51:15","modified_gmt":"2026-01-27T08:51:15","slug":"12v-62a-bosch-power-start-stop-efb-pe005","status":"publish","type":"product","link":"https:\/\/szereczauto.hu\/webshop\/termek\/12v-62a-bosch-power-start-stop-efb-pe005\/","title":{"rendered":"12V 60A BOSCH POWER START\/STOP EFB"},"content":{"rendered":"<div class=\"product-description\">\n<div class=\"product-description\"><strong>A Bosch EFB technol\u00f3gi\u00e1val k\u00e9sz\u00fclt ind\u00edt\u00f3akkumul\u00e1tora arra k\u00e9sz\u00fclt, hogy kiel\u00e9g\u00edtse a start\/stop rendszerrel, valamint nagy sz\u00e1m\u00fa elektromos fogyaszt\u00f3val felszerelt j\u00e1rm\u0171vek ig\u00e9nyeit.<\/strong> A m\u00e9ly kis\u00fct\u00e9sekkel szembeni ellen\u00e1ll\u00f3k\u00e9pess\u00e9g k\u00f6vetkezt\u00e9ben megb\u00edzhat\u00f3 az ind\u00edt\u00f3k\u00e9pess\u00e9ge, ak\u00e1r gyakran alacsony t\u00f6lt\u00f6tts\u00e9gi \u00e1llapotot okoz\u00f3 haszn\u00e1lat eset\u00e9ben is.<\/div>\n<ul id=\"features-and-benefits-list\" class=\"features-and-benefits-list\">\n<li class=\"\">Az EFB-technol\u00f3gia eset\u00e9ben a pozit\u00edv lemez egy olyan polimerbet\u00e9ttel van ell\u00e1tva, amely tov\u00e1bbi t\u00e1mogat\u00e1st ny\u00fajt az akt\u00edv massz\u00e1nak \u00e9s cs\u00f6kkenti az anyagveszt\u00e9st: az eredm\u00e9ny a hosszabb \u00e9lettartam \u00e9s a hagyom\u00e1nyos ind\u00edt\u00f3akkumul\u00e1torokhoz viszony\u00edtva ak\u00e1r 3-szor nagyobb ellen\u00e1ll\u00e1s a m\u00e9ly kis\u00fct\u00e9sekkel szemben.<\/li>\n<li class=\"\">A lemezekben tal\u00e1lhat\u00f3 speci\u00e1lis akt\u00edv massza cs\u00f6kkenti az akkumul\u00e1tor bels\u0151 ellen\u00e1ll\u00e1s\u00e1t, a polimer bet\u00e9t pedig stabiliz\u00e1l\u00f3 hat\u00e1s\u00fa, ennek eredm\u00e9nye a megb\u00edzhat\u00f3 ind\u00edt\u00e1s t\u00f6bb elektromos fogyaszt\u00f3 m\u0171k\u00f6dtet\u00e9se mellett, vagy ak\u00e1r hosszabb le\u00e1ll\u00e1sok ut\u00e1n<\/li>\n<li class=\"\">K\u00fcl\u00f6nleges r\u00e1csszerkezet, valamint a korszer\u0171 r\u00e1cs\u00f6tv\u00f6zetnek k\u00f6sz\u00f6nhet\u0151en cs\u00f6kkentett korr\u00f3zi\u00f3: a kiemelked\u0151 ind\u00edt\u00e1si teljes\u00edtm\u00e9ny \u00e9s a hossz\u00fa \u00e9lettartam \u00e9rdek\u00e9ben.<\/li>\n<\/ul>\n<\/div>\n<p>A <strong>Bosch POWER START\/STOP EFB <\/strong>akkumul\u00e1tor jellemz\u0151i:<\/p>\n<ul>\n<li>Fesz\u00fclts\u00e9g: 12 V<\/li>\n<li>Teljes\u00edtm\u00e9ny 60 A<\/li>\n<li>Ind\u00edt\u00f3\u00e1ram: 640 A<\/li>\n<li>Polarit\u00e1s: JOBB +<\/li>\n<li><span style=\"color: #3366ff;\"><strong>M\u00e9rete: 242 X 175 x 190 mm.<\/strong><\/span><\/li>\n<li>Norm\u00e1l sarus kivitel.<\/li>\n<\/ul>\n<p><strong>Garancia: 2 \u00e9v<\/strong><\/p>\n","protected":false},"excerpt":{"rendered":"<p><strong><span style=\"color: #ff0000;\">Akkumul\u00e1torokat csak szem\u00e9lyes \u00e1tv\u00e9tellel \u00e1rus\u00edtunk!<\/span><\/strong><\/p>\n","protected":false},"featured_media":22327,"comment_status":"open","ping_status":"closed","template":"","meta":{"_et_pb_use_builder":"","_et_pb_old_content":"","_et_gb_content_width":"","wp_popup_display_lightbox":0,"wp_popup_suppress":"","wp_popup_trigger":"","wp_popup_trigger_amount":0,"wp_popup_disable_on_mobile":false},"product_brand":[],"product_cat":[47,166],"product_tag":[],"class_list":{"0":"post-22326","1":"product","2":"type-product","3":"status-publish","4":"has-post-thumbnail","6":"product_cat-akkumulatorok","7":"product_cat-auto-akkumulatorok","8":"product_shipping_class-tetobox","10":"first","11":"instock","12":"featured","13":"shipping-taxable","14":"purchasable","15":"product-type-simple"},"yoast_head":"<!-- This site is optimized with the Yoast SEO plugin v27.4 - https:\/\/yoast.com\/product\/yoast-seo-wordpress\/ -->\n<title>12V 60A BOSCH POWER START\/STOP EFB &#187; Szerecz Aut\u00f3alkatr\u00e9sz Web\u00e1ruh\u00e1z<\/title>\n<meta name=\"robots\" content=\"index, follow, max-snippet:-1, max-image-preview:large, max-video-preview:-1\" \/>\n<link rel=\"canonical\" href=\"https:\/\/szereczauto.hu\/webshop\/termek\/12v-62a-bosch-power-start-stop-efb-pe005\/\" \/>\n<meta property=\"og:locale\" content=\"hu_HU\" \/>\n<meta property=\"og:type\" content=\"article\" \/>\n<meta property=\"og:title\" content=\"12V 60A BOSCH POWER START\/STOP EFB &#187; Szerecz Aut\u00f3alkatr\u00e9sz Web\u00e1ruh\u00e1z\" \/>\n<meta property=\"og:description\" content=\"Akkumul\u00e1torokat csak szem\u00e9lyes \u00e1tv\u00e9tellel \u00e1rus\u00edtunk!\" \/>\n<meta property=\"og:url\" content=\"https:\/\/szereczauto.hu\/webshop\/termek\/12v-62a-bosch-power-start-stop-efb-pe005\/\" \/>\n<meta property=\"og:site_name\" content=\"Szerecz Aut\u00f3alkatr\u00e9sz Web\u00e1ruh\u00e1z\" \/>\n<meta property=\"article:publisher\" content=\"https:\/\/www.facebook.com\/szereczauto\/\" \/>\n<meta property=\"article:modified_time\" content=\"2026-01-27T08:51:15+00:00\" \/>\n<meta property=\"og:image\" content=\"https:\/\/szereczauto.hu\/webshop\/wp-content\/uploads\/2023\/10\/Bosch-akkumulator-PE0005.jpg\" \/>\n\t<meta property=\"og:image:width\" content=\"800\" \/>\n\t<meta property=\"og:image:height\" content=\"800\" \/>\n\t<meta property=\"og:image:type\" content=\"image\/jpeg\" \/>\n<script type=\"application\/ld+json\" class=\"yoast-schema-graph\">{\"@context\":\"https:\\\/\\\/schema.org\",\"@graph\":[{\"@type\":\"WebPage\",\"@id\":\"https:\\\/\\\/szereczauto.hu\\\/webshop\\\/termek\\\/12v-62a-bosch-power-start-stop-efb-pe005\\\/\",\"url\":\"https:\\\/\\\/szereczauto.hu\\\/webshop\\\/termek\\\/12v-62a-bosch-power-start-stop-efb-pe005\\\/\",\"name\":\"12V 60A BOSCH POWER START\\\/STOP EFB &#187; Szerecz Aut\u00f3alkatr\u00e9sz Web\u00e1ruh\u00e1z\",\"isPartOf\":{\"@id\":\"https:\\\/\\\/szereczauto.hu\\\/webshop\\\/#website\"},\"primaryImageOfPage\":{\"@id\":\"https:\\\/\\\/szereczauto.hu\\\/webshop\\\/termek\\\/12v-62a-bosch-power-start-stop-efb-pe005\\\/#primaryimage\"},\"image\":{\"@id\":\"https:\\\/\\\/szereczauto.hu\\\/webshop\\\/termek\\\/12v-62a-bosch-power-start-stop-efb-pe005\\\/#primaryimage\"},\"thumbnailUrl\":\"https:\\\/\\\/szereczauto.hu\\\/webshop\\\/wp-content\\\/uploads\\\/2023\\\/10\\\/Bosch-akkumulator-PE0005.jpg\",\"datePublished\":\"2023-10-23T08:07:08+00:00\",\"dateModified\":\"2026-01-27T08:51:15+00:00\",\"breadcrumb\":{\"@id\":\"https:\\\/\\\/szereczauto.hu\\\/webshop\\\/termek\\\/12v-62a-bosch-power-start-stop-efb-pe005\\\/#breadcrumb\"},\"inLanguage\":\"hu\",\"potentialAction\":[{\"@type\":\"ReadAction\",\"target\":[\"https:\\\/\\\/szereczauto.hu\\\/webshop\\\/termek\\\/12v-62a-bosch-power-start-stop-efb-pe005\\\/\"]}]},{\"@type\":\"ImageObject\",\"inLanguage\":\"hu\",\"@id\":\"https:\\\/\\\/szereczauto.hu\\\/webshop\\\/termek\\\/12v-62a-bosch-power-start-stop-efb-pe005\\\/#primaryimage\",\"url\":\"https:\\\/\\\/szereczauto.hu\\\/webshop\\\/wp-content\\\/uploads\\\/2023\\\/10\\\/Bosch-akkumulator-PE0005.jpg\",\"contentUrl\":\"https:\\\/\\\/szereczauto.hu\\\/webshop\\\/wp-content\\\/uploads\\\/2023\\\/10\\\/Bosch-akkumulator-PE0005.jpg\",\"width\":800,\"height\":800},{\"@type\":\"BreadcrumbList\",\"@id\":\"https:\\\/\\\/szereczauto.hu\\\/webshop\\\/termek\\\/12v-62a-bosch-power-start-stop-efb-pe005\\\/#breadcrumb\",\"itemListElement\":[{\"@type\":\"ListItem\",\"position\":1,\"name\":\"Home\",\"item\":\"https:\\\/\\\/szereczauto.hu\\\/webshop\\\/\"},{\"@type\":\"ListItem\",\"position\":2,\"name\":\"Term\u00e9keink\",\"item\":\"https:\\\/\\\/szereczauto.hu\\\/webshop\\\/shop\\\/\"},{\"@type\":\"ListItem\",\"position\":3,\"name\":\"12V 60A BOSCH POWER START\\\/STOP EFB\"}]},{\"@type\":\"WebSite\",\"@id\":\"https:\\\/\\\/szereczauto.hu\\\/webshop\\\/#website\",\"url\":\"https:\\\/\\\/szereczauto.hu\\\/webshop\\\/\",\"name\":\"Szerecz Aut\u00f3alkatr\u00e9sz Web\u00e1ruh\u00e1z\",\"description\":\"Szerecz Aut\u00f3 Kft. - Thule term\u00e9kek, aut\u00f3alkatr\u00e9szek web\u00e1ruh\u00e1za\",\"publisher\":{\"@id\":\"https:\\\/\\\/szereczauto.hu\\\/webshop\\\/#organization\"},\"potentialAction\":[{\"@type\":\"SearchAction\",\"target\":{\"@type\":\"EntryPoint\",\"urlTemplate\":\"https:\\\/\\\/szereczauto.hu\\\/webshop\\\/?s={search_term_string}\"},\"query-input\":{\"@type\":\"PropertyValueSpecification\",\"valueRequired\":true,\"valueName\":\"search_term_string\"}}],\"inLanguage\":\"hu\"},{\"@type\":\"Organization\",\"@id\":\"https:\\\/\\\/szereczauto.hu\\\/webshop\\\/#organization\",\"name\":\"Szerecz Aut\u00f3alkatr\u00e9sz Web\u00e1ruh\u00e1z\",\"url\":\"https:\\\/\\\/szereczauto.hu\\\/webshop\\\/\",\"logo\":{\"@type\":\"ImageObject\",\"inLanguage\":\"hu\",\"@id\":\"https:\\\/\\\/szereczauto.hu\\\/webshop\\\/#\\\/schema\\\/logo\\\/image\\\/\",\"url\":\"https:\\\/\\\/szereczauto.hu\\\/webshop\\\/wp-content\\\/uploads\\\/2018\\\/12\\\/Szerecz_fav_2018.png\",\"contentUrl\":\"https:\\\/\\\/szereczauto.hu\\\/webshop\\\/wp-content\\\/uploads\\\/2018\\\/12\\\/Szerecz_fav_2018.png\",\"width\":512,\"height\":512,\"caption\":\"Szerecz Aut\u00f3alkatr\u00e9sz Web\u00e1ruh\u00e1z\"},\"image\":{\"@id\":\"https:\\\/\\\/szereczauto.hu\\\/webshop\\\/#\\\/schema\\\/logo\\\/image\\\/\"},\"sameAs\":[\"https:\\\/\\\/www.facebook.com\\\/szereczauto\\\/\",\"https:\\\/\\\/www.youtube.com\\\/channel\\\/UCGA5LXUmL_i2xDxT2GNNEBQ\"]}]}<\/script>\n<!-- \/ Yoast SEO plugin. -->","yoast_head_json":{"title":"12V 60A BOSCH POWER START\/STOP EFB &#187; Szerecz Aut\u00f3alkatr\u00e9sz Web\u00e1ruh\u00e1z","robots":{"index":"index","follow":"follow","max-snippet":"max-snippet:-1","max-image-preview":"max-image-preview:large","max-video-preview":"max-video-preview:-1"},"canonical":"https:\/\/szereczauto.hu\/webshop\/termek\/12v-62a-bosch-power-start-stop-efb-pe005\/","og_locale":"hu_HU","og_type":"article","og_title":"12V 60A BOSCH POWER START\/STOP EFB &#187; Szerecz Aut\u00f3alkatr\u00e9sz Web\u00e1ruh\u00e1z","og_description":"Akkumul\u00e1torokat csak szem\u00e9lyes \u00e1tv\u00e9tellel \u00e1rus\u00edtunk!","og_url":"https:\/\/szereczauto.hu\/webshop\/termek\/12v-62a-bosch-power-start-stop-efb-pe005\/","og_site_name":"Szerecz Aut\u00f3alkatr\u00e9sz Web\u00e1ruh\u00e1z","article_publisher":"https:\/\/www.facebook.com\/szereczauto\/","article_modified_time":"2026-01-27T08:51:15+00:00","og_image":[{"width":800,"height":800,"url":"https:\/\/szereczauto.hu\/webshop\/wp-content\/uploads\/2023\/10\/Bosch-akkumulator-PE0005.jpg","type":"image\/jpeg"}],"schema":{"@context":"https:\/\/schema.org","@graph":[{"@type":"WebPage","@id":"https:\/\/szereczauto.hu\/webshop\/termek\/12v-62a-bosch-power-start-stop-efb-pe005\/","url":"https:\/\/szereczauto.hu\/webshop\/termek\/12v-62a-bosch-power-start-stop-efb-pe005\/","name":"12V 60A BOSCH POWER START\/STOP EFB &#187; Szerecz Aut\u00f3alkatr\u00e9sz Web\u00e1ruh\u00e1z","isPartOf":{"@id":"https:\/\/szereczauto.hu\/webshop\/#website"},"primaryImageOfPage":{"@id":"https:\/\/szereczauto.hu\/webshop\/termek\/12v-62a-bosch-power-start-stop-efb-pe005\/#primaryimage"},"image":{"@id":"https:\/\/szereczauto.hu\/webshop\/termek\/12v-62a-bosch-power-start-stop-efb-pe005\/#primaryimage"},"thumbnailUrl":"https:\/\/szereczauto.hu\/webshop\/wp-content\/uploads\/2023\/10\/Bosch-akkumulator-PE0005.jpg","datePublished":"2023-10-23T08:07:08+00:00","dateModified":"2026-01-27T08:51:15+00:00","breadcrumb":{"@id":"https:\/\/szereczauto.hu\/webshop\/termek\/12v-62a-bosch-power-start-stop-efb-pe005\/#breadcrumb"},"inLanguage":"hu","potentialAction":[{"@type":"ReadAction","target":["https:\/\/szereczauto.hu\/webshop\/termek\/12v-62a-bosch-power-start-stop-efb-pe005\/"]}]},{"@type":"ImageObject","inLanguage":"hu","@id":"https:\/\/szereczauto.hu\/webshop\/termek\/12v-62a-bosch-power-start-stop-efb-pe005\/#primaryimage","url":"https:\/\/szereczauto.hu\/webshop\/wp-content\/uploads\/2023\/10\/Bosch-akkumulator-PE0005.jpg","contentUrl":"https:\/\/szereczauto.hu\/webshop\/wp-content\/uploads\/2023\/10\/Bosch-akkumulator-PE0005.jpg","width":800,"height":800},{"@type":"BreadcrumbList","@id":"https:\/\/szereczauto.hu\/webshop\/termek\/12v-62a-bosch-power-start-stop-efb-pe005\/#breadcrumb","itemListElement":[{"@type":"ListItem","position":1,"name":"Home","item":"https:\/\/szereczauto.hu\/webshop\/"},{"@type":"ListItem","position":2,"name":"Term\u00e9keink","item":"https:\/\/szereczauto.hu\/webshop\/shop\/"},{"@type":"ListItem","position":3,"name":"12V 60A BOSCH POWER START\/STOP EFB"}]},{"@type":"WebSite","@id":"https:\/\/szereczauto.hu\/webshop\/#website","url":"https:\/\/szereczauto.hu\/webshop\/","name":"Szerecz Aut\u00f3alkatr\u00e9sz Web\u00e1ruh\u00e1z","description":"Szerecz Aut\u00f3 Kft. - Thule term\u00e9kek, aut\u00f3alkatr\u00e9szek web\u00e1ruh\u00e1za","publisher":{"@id":"https:\/\/szereczauto.hu\/webshop\/#organization"},"potentialAction":[{"@type":"SearchAction","target":{"@type":"EntryPoint","urlTemplate":"https:\/\/szereczauto.hu\/webshop\/?s={search_term_string}"},"query-input":{"@type":"PropertyValueSpecification","valueRequired":true,"valueName":"search_term_string"}}],"inLanguage":"hu"},{"@type":"Organization","@id":"https:\/\/szereczauto.hu\/webshop\/#organization","name":"Szerecz Aut\u00f3alkatr\u00e9sz Web\u00e1ruh\u00e1z","url":"https:\/\/szereczauto.hu\/webshop\/","logo":{"@type":"ImageObject","inLanguage":"hu","@id":"https:\/\/szereczauto.hu\/webshop\/#\/schema\/logo\/image\/","url":"https:\/\/szereczauto.hu\/webshop\/wp-content\/uploads\/2018\/12\/Szerecz_fav_2018.png","contentUrl":"https:\/\/szereczauto.hu\/webshop\/wp-content\/uploads\/2018\/12\/Szerecz_fav_2018.png","width":512,"height":512,"caption":"Szerecz Aut\u00f3alkatr\u00e9sz Web\u00e1ruh\u00e1z"},"image":{"@id":"https:\/\/szereczauto.hu\/webshop\/#\/schema\/logo\/image\/"},"sameAs":["https:\/\/www.facebook.com\/szereczauto\/","https:\/\/www.youtube.com\/channel\/UCGA5LXUmL_i2xDxT2GNNEBQ"]}]}},"_links":{"self":[{"href":"https:\/\/szereczauto.hu\/webshop\/wp-json\/wp\/v2\/product\/22326","targetHints":{"allow":["GET"]}}],"collection":[{"href":"https:\/\/szereczauto.hu\/webshop\/wp-json\/wp\/v2\/product"}],"about":[{"href":"https:\/\/szereczauto.hu\/webshop\/wp-json\/wp\/v2\/types\/product"}],"replies":[{"embeddable":true,"href":"https:\/\/szereczauto.hu\/webshop\/wp-json\/wp\/v2\/comments?post=22326"}],"wp:featuredmedia":[{"embeddable":true,"href":"https:\/\/szereczauto.hu\/webshop\/wp-json\/wp\/v2\/media\/22327"}],"wp:attachment":[{"href":"https:\/\/szereczauto.hu\/webshop\/wp-json\/wp\/v2\/media?parent=22326"}],"wp:term":[{"taxonomy":"product_brand","embeddable":true,"href":"https:\/\/szereczauto.hu\/webshop\/wp-json\/wp\/v2\/product_brand?post=22326"},{"taxonomy":"product_cat","embeddable":true,"href":"https:\/\/szereczauto.hu\/webshop\/wp-json\/wp\/v2\/product_cat?post=22326"},{"taxonomy":"product_tag","embeddable":true,"href":"https:\/\/szereczauto.hu\/webshop\/wp-json\/wp\/v2\/product_tag?post=22326"}],"curies":[{"name":"wp","href":"https:\/\/api.w.org\/{rel}","templated":true}]}}