{"id":20799,"date":"2021-04-17T17:08:41","date_gmt":"2021-04-17T15:08:41","guid":{"rendered":"https:\/\/szereczauto.hu\/webshop\/?post_type=product&#038;p=20799"},"modified":"2026-04-18T07:52:46","modified_gmt":"2026-04-18T05:52:46","slug":"lynx-baltic-28-17-trekking-kerekpar-228502","status":"publish","type":"product","link":"https:\/\/szereczauto.hu\/webshop\/termek\/lynx-baltic-28-17-trekking-kerekpar-228502\/","title":{"rendered":"Lynx Baltic 28&#8243;\/17&#8243;"},"content":{"rendered":"<p><strong>Lynx Baltic trekking ker\u00e9kp\u00e1r.<\/strong> Ez a modell ide\u00e1lis v\u00e1laszt\u00e1s azok sz\u00e1m\u00e1ra, akik a meredek hegyi \u00fatvonalak helyett a kitaposott f\u00f6ldutakat r\u00e9szes\u00edtik el\u0151nyben egy-egy kerekez\u00e9s alkalm\u00e1val. A k\u00e9nyelmes bicikliz\u00e9s alapja a v\u00e1z \u00e9s a nyereg megfelel\u0151 m\u00e9rete. Enn\u00e9l a t\u00edpusn\u00e1l a teleszk\u00f3p, a hajl\u00edtott korm\u00e1ny, az \u00e1ll\u00edthat\u00f3 korm\u00e1nysz\u00e1r, a k\u00e9nyelmes nyereg, \u00e9s a nagy \u00e1tm\u00e9r\u0151j\u0171 kerekek, valamint az orsz\u00e1g\u00fatin\u00e1l ballonosabb \u00e9s \u00e9rdesebb gumi egyar\u00e1nt a f\u0151bb jellemz\u0151k k\u00f6z\u00e9 tartozik. A k\u00f6nny\u0171 v\u00e1znak \u00e9s kiv\u00e1l\u00f3 leng\u00e9scsillap\u00edt\u00e1snak k\u00f6sz\u00f6nhet\u0151en a Lynx Baltic trekking ker\u00e9kp\u00e1r nemcsak terepen, hanem szil\u00e1rd burkolaton is komfortos utaz\u00e1st biztos\u00edt, ez\u00e9rt minden idegsz\u00e1ladat a felfedez\u00e9s \u00e9lm\u00e9ny\u00e9re f\u00f3kusz\u00e1lhatod.<\/p>\n<p>Tulajdons\u00e1gok:<\/p>\n<ul>\n<li>Alum\u00edniumb\u00f3l k\u00e9sz\u00fclt 17&#8243; v\u00e1z.<\/li>\n<li>Zoom Aria trekking ac\u00e9lrug\u00f3s, teleszk\u00f3pos els\u0151 villa 40 mm rug\u00f3 \u00fattal \u00e9s ac\u00e9l villanyakkal.<\/li>\n<li>Monoblokk, k\u00f6z\u00e9pcsap\u00e1gy, 68 mm csap\u00e1gyh\u00e1zzal \u00e9s 127,5 mm tengellyel, r\u00f6gz\u00edt\u0151 csavar n\u00e9lk\u00fcl.<\/li>\n<li>TCRF2-SMA (G4XH) hajt\u00f3m\u0171, 48x38x28 T fekete l\u00e1nct\u00e1ny\u00e9r, m\u0171anyag l\u00e1ncv\u00e9d\u0151vel \u00e9s 170 mm hossz\u00fa alum\u00ednium hajt\u00f3karral.<\/li>\n<li>9\/16\u201d m\u0171anyag f\u00e9ny visszaver\u0151s ped\u00e1l.<\/li>\n<li>KMC Narrow 114 tag\u00fa 1\/2&#215;3\/32\u201d l\u00e1nc<\/li>\n<li>Menetes 1 1\/8 korm\u00e1nyfej k\u00e9szlet.<\/li>\n<li>620 mm-es ac\u00e9l korm\u00e1ny, 6 fokos sz\u00f6gben hajl\u00edtva, 20 mm emelked\u00e9ssel.<\/li>\n<li>0.5 fokos sz\u00f6gben \u00e1ll\u00edthat\u00f3 Zoom alum\u00ednium korm\u00e1nysz\u00e1r.<\/li>\n<li>120 mm hossz\u00fa ergonomikus Kraton markolat, dupla s\u0171r\u0171s\u00e9g\u0171 gumib\u00f3l.<\/li>\n<li>PROMAX alum\u00ednium V-f\u00e9k. W\/908=70 mm f\u00e9kpof\u00e1val.<\/li>\n<li>Mitas gumik\u00f6peny reflex cs\u00edkkal 28\u201d (700x40C) m\u00e9retben.<\/li>\n<li>H\u00e1rom sebess\u00e9ges Shimano Tourney (FD-TY300) els\u0151 v\u00e1lt\u00f3.<\/li>\n<li>Shimano Tourney (RD-TY300) 7 sebess\u00e9ges h\u00e1ts\u00f3 v\u00e1lt\u00f3.<\/li>\n<li>3 sebess\u00e9ges Shimano ST-EF41 FIRE PLUS bal oldali V-f\u00e9kes v\u00e1lt\u00f3kar.<\/li>\n<li>7 sebess\u00e9ges Shimano ST-EF41-FIRE PLUS jobb oldali V-f\u00e9kes v\u00e1lt\u00f3kar.<\/li>\n<li>Selle Royal nyereg, 27.2&#215;350 mm hossz\u00fa homok f\u00favott fekete nyeregsz\u00e1rral.<\/li>\n<li>14G szabv\u00e1ny szerinti 290 mm-es ac\u00e9l k\u00fcll\u0151 \u00e9s k\u00fcll\u0151 anya.<\/li>\n<li>36 k\u00fcll\u0151s hidegen kov\u00e1csolt M9x100x108 mm gyors kiold\u00f3s els\u0151 ker\u00e9kagy.<\/li>\n<li>36 k\u00fcll\u0151s hidegen kov\u00e1csolt M10x135x145 mm gyors kiold\u00f3s h\u00e1ts\u00f3 ker\u00e9kagy.<\/li>\n<li>Kripton X 36 k\u00fcll\u0151s, dupla falu alum\u00ednium felni 28&#215;1.5\u201d<\/li>\n<\/ul>\n<p style=\"text-align: left;\"><span style=\"color: #000000;\"><strong>K\u00e9rd\u00e9se van, seg\u00edts\u00e9gre van sz\u00fcks\u00e9ge! &#8211;<\/strong><span style=\"color: #3366ff;\"><a style=\"color: #3366ff;\" href=\"http:\/\/szereczauto.hu\/kerdezzen\/\" target=\"_blank\" rel=\"noopener noreferrer\"><strong> Itt l\u00e9phet kapcsolatba vel\u00fcnk!<\/strong><\/a><\/span><\/span><\/p>\n","protected":false},"excerpt":{"rendered":"<p><strong>Ker\u00e9kp\u00e1rt \u00fczembe helyezve, szem\u00e9lyes \u00e1tv\u00e9tellel \u00e1rus\u00edtunk! Ne fizesse ki a term\u00e9ket, amig nem igazoljuk vissza a sz\u00e1ll\u00edt\u00e1st!<\/strong><\/p>\n<p>Ez\u00fcst sz\u00edn\u0171 21 sebess\u00e9ges N\u0151 trekking ker\u00e9kp\u00e1r, 17&#8243; v\u00e1zm\u00e9rettel.<\/p>\n","protected":false},"featured_media":20800,"comment_status":"open","ping_status":"closed","template":"","meta":{"_et_pb_use_builder":"","_et_pb_old_content":"","_et_gb_content_width":"","wp_popup_display_lightbox":0,"wp_popup_suppress":"","wp_popup_trigger":"","wp_popup_trigger_amount":0,"wp_popup_disable_on_mobile":false},"product_brand":[],"product_cat":[165,255,258],"product_tag":[],"class_list":{"0":"post-20799","1":"product","2":"type-product","3":"status-publish","4":"has-post-thumbnail","6":"product_cat-akcios-termekek","7":"product_cat-kerekparok","8":"product_cat-trekking-kerekpar","9":"product_shipping_class-tetobox","11":"first","12":"instock","13":"sale","14":"sold-individually","15":"shipping-taxable","16":"purchasable","17":"product-type-simple"},"yoast_head":"<!-- This site is optimized with the Yoast SEO plugin v27.4 - https:\/\/yoast.com\/product\/yoast-seo-wordpress\/ -->\n<title>Lynx Baltic 28&quot;\/17&quot; &#187; Szerecz Aut\u00f3alkatr\u00e9sz Web\u00e1ruh\u00e1z<\/title>\n<meta name=\"robots\" content=\"index, follow, max-snippet:-1, max-image-preview:large, max-video-preview:-1\" \/>\n<link rel=\"canonical\" href=\"https:\/\/szereczauto.hu\/webshop\/termek\/lynx-baltic-28-17-trekking-kerekpar-228502\/\" \/>\n<meta property=\"og:locale\" content=\"hu_HU\" \/>\n<meta property=\"og:type\" content=\"article\" \/>\n<meta property=\"og:title\" content=\"Lynx Baltic 28&quot;\/17&quot; &#187; Szerecz Aut\u00f3alkatr\u00e9sz Web\u00e1ruh\u00e1z\" \/>\n<meta property=\"og:description\" content=\"Ker\u00e9kp\u00e1rt \u00fczembe helyezve, szem\u00e9lyes \u00e1tv\u00e9tellel \u00e1rus\u00edtunk! Ne fizesse ki a term\u00e9ket, amig nem igazoljuk vissza a sz\u00e1ll\u00edt\u00e1st!  Ez\u00fcst sz\u00edn\u0171 21 sebess\u00e9ges N\u0151 trekking ker\u00e9kp\u00e1r, 17&quot; v\u00e1zm\u00e9rettel.\" \/>\n<meta property=\"og:url\" content=\"https:\/\/szereczauto.hu\/webshop\/termek\/lynx-baltic-28-17-trekking-kerekpar-228502\/\" \/>\n<meta property=\"og:site_name\" content=\"Szerecz Aut\u00f3alkatr\u00e9sz Web\u00e1ruh\u00e1z\" \/>\n<meta property=\"article:publisher\" content=\"https:\/\/www.facebook.com\/szereczauto\/\" \/>\n<meta property=\"article:modified_time\" content=\"2026-04-18T05:52:46+00:00\" \/>\n<meta property=\"og:image\" content=\"https:\/\/szereczauto.hu\/webshop\/wp-content\/uploads\/2021\/04\/Lynx-Lady-Baltic-Treking-kerekpar-228502.jpg\" \/>\n\t<meta property=\"og:image:width\" content=\"800\" \/>\n\t<meta property=\"og:image:height\" content=\"800\" \/>\n\t<meta property=\"og:image:type\" content=\"image\/jpeg\" \/>\n<script type=\"application\/ld+json\" class=\"yoast-schema-graph\">{\"@context\":\"https:\\\/\\\/schema.org\",\"@graph\":[{\"@type\":\"WebPage\",\"@id\":\"https:\\\/\\\/szereczauto.hu\\\/webshop\\\/termek\\\/lynx-baltic-28-17-trekking-kerekpar-228502\\\/\",\"url\":\"https:\\\/\\\/szereczauto.hu\\\/webshop\\\/termek\\\/lynx-baltic-28-17-trekking-kerekpar-228502\\\/\",\"name\":\"Lynx Baltic 28\\\"\\\/17\\\" &#187; Szerecz Aut\u00f3alkatr\u00e9sz Web\u00e1ruh\u00e1z\",\"isPartOf\":{\"@id\":\"https:\\\/\\\/szereczauto.hu\\\/webshop\\\/#website\"},\"primaryImageOfPage\":{\"@id\":\"https:\\\/\\\/szereczauto.hu\\\/webshop\\\/termek\\\/lynx-baltic-28-17-trekking-kerekpar-228502\\\/#primaryimage\"},\"image\":{\"@id\":\"https:\\\/\\\/szereczauto.hu\\\/webshop\\\/termek\\\/lynx-baltic-28-17-trekking-kerekpar-228502\\\/#primaryimage\"},\"thumbnailUrl\":\"https:\\\/\\\/szereczauto.hu\\\/webshop\\\/wp-content\\\/uploads\\\/2021\\\/04\\\/Lynx-Lady-Baltic-Treking-kerekpar-228502.jpg\",\"datePublished\":\"2021-04-17T15:08:41+00:00\",\"dateModified\":\"2026-04-18T05:52:46+00:00\",\"breadcrumb\":{\"@id\":\"https:\\\/\\\/szereczauto.hu\\\/webshop\\\/termek\\\/lynx-baltic-28-17-trekking-kerekpar-228502\\\/#breadcrumb\"},\"inLanguage\":\"hu\",\"potentialAction\":[{\"@type\":\"ReadAction\",\"target\":[\"https:\\\/\\\/szereczauto.hu\\\/webshop\\\/termek\\\/lynx-baltic-28-17-trekking-kerekpar-228502\\\/\"]}]},{\"@type\":\"ImageObject\",\"inLanguage\":\"hu\",\"@id\":\"https:\\\/\\\/szereczauto.hu\\\/webshop\\\/termek\\\/lynx-baltic-28-17-trekking-kerekpar-228502\\\/#primaryimage\",\"url\":\"https:\\\/\\\/szereczauto.hu\\\/webshop\\\/wp-content\\\/uploads\\\/2021\\\/04\\\/Lynx-Lady-Baltic-Treking-kerekpar-228502.jpg\",\"contentUrl\":\"https:\\\/\\\/szereczauto.hu\\\/webshop\\\/wp-content\\\/uploads\\\/2021\\\/04\\\/Lynx-Lady-Baltic-Treking-kerekpar-228502.jpg\",\"width\":800,\"height\":800},{\"@type\":\"BreadcrumbList\",\"@id\":\"https:\\\/\\\/szereczauto.hu\\\/webshop\\\/termek\\\/lynx-baltic-28-17-trekking-kerekpar-228502\\\/#breadcrumb\",\"itemListElement\":[{\"@type\":\"ListItem\",\"position\":1,\"name\":\"Home\",\"item\":\"https:\\\/\\\/szereczauto.hu\\\/webshop\\\/\"},{\"@type\":\"ListItem\",\"position\":2,\"name\":\"Term\u00e9keink\",\"item\":\"https:\\\/\\\/szereczauto.hu\\\/webshop\\\/shop\\\/\"},{\"@type\":\"ListItem\",\"position\":3,\"name\":\"Lynx Baltic 28&#8243;\\\/17&#8243;\"}]},{\"@type\":\"WebSite\",\"@id\":\"https:\\\/\\\/szereczauto.hu\\\/webshop\\\/#website\",\"url\":\"https:\\\/\\\/szereczauto.hu\\\/webshop\\\/\",\"name\":\"Szerecz Aut\u00f3alkatr\u00e9sz Web\u00e1ruh\u00e1z\",\"description\":\"Szerecz Aut\u00f3 Kft. - Thule term\u00e9kek, aut\u00f3alkatr\u00e9szek web\u00e1ruh\u00e1za\",\"publisher\":{\"@id\":\"https:\\\/\\\/szereczauto.hu\\\/webshop\\\/#organization\"},\"potentialAction\":[{\"@type\":\"SearchAction\",\"target\":{\"@type\":\"EntryPoint\",\"urlTemplate\":\"https:\\\/\\\/szereczauto.hu\\\/webshop\\\/?s={search_term_string}\"},\"query-input\":{\"@type\":\"PropertyValueSpecification\",\"valueRequired\":true,\"valueName\":\"search_term_string\"}}],\"inLanguage\":\"hu\"},{\"@type\":\"Organization\",\"@id\":\"https:\\\/\\\/szereczauto.hu\\\/webshop\\\/#organization\",\"name\":\"Szerecz Aut\u00f3alkatr\u00e9sz Web\u00e1ruh\u00e1z\",\"url\":\"https:\\\/\\\/szereczauto.hu\\\/webshop\\\/\",\"logo\":{\"@type\":\"ImageObject\",\"inLanguage\":\"hu\",\"@id\":\"https:\\\/\\\/szereczauto.hu\\\/webshop\\\/#\\\/schema\\\/logo\\\/image\\\/\",\"url\":\"https:\\\/\\\/szereczauto.hu\\\/webshop\\\/wp-content\\\/uploads\\\/2018\\\/12\\\/Szerecz_fav_2018.png\",\"contentUrl\":\"https:\\\/\\\/szereczauto.hu\\\/webshop\\\/wp-content\\\/uploads\\\/2018\\\/12\\\/Szerecz_fav_2018.png\",\"width\":512,\"height\":512,\"caption\":\"Szerecz Aut\u00f3alkatr\u00e9sz Web\u00e1ruh\u00e1z\"},\"image\":{\"@id\":\"https:\\\/\\\/szereczauto.hu\\\/webshop\\\/#\\\/schema\\\/logo\\\/image\\\/\"},\"sameAs\":[\"https:\\\/\\\/www.facebook.com\\\/szereczauto\\\/\",\"https:\\\/\\\/www.youtube.com\\\/channel\\\/UCGA5LXUmL_i2xDxT2GNNEBQ\"]}]}<\/script>\n<!-- \/ Yoast SEO plugin. -->","yoast_head_json":{"title":"Lynx Baltic 28\"\/17\" &#187; Szerecz Aut\u00f3alkatr\u00e9sz Web\u00e1ruh\u00e1z","robots":{"index":"index","follow":"follow","max-snippet":"max-snippet:-1","max-image-preview":"max-image-preview:large","max-video-preview":"max-video-preview:-1"},"canonical":"https:\/\/szereczauto.hu\/webshop\/termek\/lynx-baltic-28-17-trekking-kerekpar-228502\/","og_locale":"hu_HU","og_type":"article","og_title":"Lynx Baltic 28\"\/17\" &#187; Szerecz Aut\u00f3alkatr\u00e9sz Web\u00e1ruh\u00e1z","og_description":"Ker\u00e9kp\u00e1rt \u00fczembe helyezve, szem\u00e9lyes \u00e1tv\u00e9tellel \u00e1rus\u00edtunk! Ne fizesse ki a term\u00e9ket, amig nem igazoljuk vissza a sz\u00e1ll\u00edt\u00e1st!  Ez\u00fcst sz\u00edn\u0171 21 sebess\u00e9ges N\u0151 trekking ker\u00e9kp\u00e1r, 17\" v\u00e1zm\u00e9rettel.","og_url":"https:\/\/szereczauto.hu\/webshop\/termek\/lynx-baltic-28-17-trekking-kerekpar-228502\/","og_site_name":"Szerecz Aut\u00f3alkatr\u00e9sz Web\u00e1ruh\u00e1z","article_publisher":"https:\/\/www.facebook.com\/szereczauto\/","article_modified_time":"2026-04-18T05:52:46+00:00","og_image":[{"width":800,"height":800,"url":"https:\/\/szereczauto.hu\/webshop\/wp-content\/uploads\/2021\/04\/Lynx-Lady-Baltic-Treking-kerekpar-228502.jpg","type":"image\/jpeg"}],"schema":{"@context":"https:\/\/schema.org","@graph":[{"@type":"WebPage","@id":"https:\/\/szereczauto.hu\/webshop\/termek\/lynx-baltic-28-17-trekking-kerekpar-228502\/","url":"https:\/\/szereczauto.hu\/webshop\/termek\/lynx-baltic-28-17-trekking-kerekpar-228502\/","name":"Lynx Baltic 28\"\/17\" &#187; Szerecz Aut\u00f3alkatr\u00e9sz Web\u00e1ruh\u00e1z","isPartOf":{"@id":"https:\/\/szereczauto.hu\/webshop\/#website"},"primaryImageOfPage":{"@id":"https:\/\/szereczauto.hu\/webshop\/termek\/lynx-baltic-28-17-trekking-kerekpar-228502\/#primaryimage"},"image":{"@id":"https:\/\/szereczauto.hu\/webshop\/termek\/lynx-baltic-28-17-trekking-kerekpar-228502\/#primaryimage"},"thumbnailUrl":"https:\/\/szereczauto.hu\/webshop\/wp-content\/uploads\/2021\/04\/Lynx-Lady-Baltic-Treking-kerekpar-228502.jpg","datePublished":"2021-04-17T15:08:41+00:00","dateModified":"2026-04-18T05:52:46+00:00","breadcrumb":{"@id":"https:\/\/szereczauto.hu\/webshop\/termek\/lynx-baltic-28-17-trekking-kerekpar-228502\/#breadcrumb"},"inLanguage":"hu","potentialAction":[{"@type":"ReadAction","target":["https:\/\/szereczauto.hu\/webshop\/termek\/lynx-baltic-28-17-trekking-kerekpar-228502\/"]}]},{"@type":"ImageObject","inLanguage":"hu","@id":"https:\/\/szereczauto.hu\/webshop\/termek\/lynx-baltic-28-17-trekking-kerekpar-228502\/#primaryimage","url":"https:\/\/szereczauto.hu\/webshop\/wp-content\/uploads\/2021\/04\/Lynx-Lady-Baltic-Treking-kerekpar-228502.jpg","contentUrl":"https:\/\/szereczauto.hu\/webshop\/wp-content\/uploads\/2021\/04\/Lynx-Lady-Baltic-Treking-kerekpar-228502.jpg","width":800,"height":800},{"@type":"BreadcrumbList","@id":"https:\/\/szereczauto.hu\/webshop\/termek\/lynx-baltic-28-17-trekking-kerekpar-228502\/#breadcrumb","itemListElement":[{"@type":"ListItem","position":1,"name":"Home","item":"https:\/\/szereczauto.hu\/webshop\/"},{"@type":"ListItem","position":2,"name":"Term\u00e9keink","item":"https:\/\/szereczauto.hu\/webshop\/shop\/"},{"@type":"ListItem","position":3,"name":"Lynx Baltic 28&#8243;\/17&#8243;"}]},{"@type":"WebSite","@id":"https:\/\/szereczauto.hu\/webshop\/#website","url":"https:\/\/szereczauto.hu\/webshop\/","name":"Szerecz Aut\u00f3alkatr\u00e9sz Web\u00e1ruh\u00e1z","description":"Szerecz Aut\u00f3 Kft. - Thule term\u00e9kek, aut\u00f3alkatr\u00e9szek web\u00e1ruh\u00e1za","publisher":{"@id":"https:\/\/szereczauto.hu\/webshop\/#organization"},"potentialAction":[{"@type":"SearchAction","target":{"@type":"EntryPoint","urlTemplate":"https:\/\/szereczauto.hu\/webshop\/?s={search_term_string}"},"query-input":{"@type":"PropertyValueSpecification","valueRequired":true,"valueName":"search_term_string"}}],"inLanguage":"hu"},{"@type":"Organization","@id":"https:\/\/szereczauto.hu\/webshop\/#organization","name":"Szerecz Aut\u00f3alkatr\u00e9sz Web\u00e1ruh\u00e1z","url":"https:\/\/szereczauto.hu\/webshop\/","logo":{"@type":"ImageObject","inLanguage":"hu","@id":"https:\/\/szereczauto.hu\/webshop\/#\/schema\/logo\/image\/","url":"https:\/\/szereczauto.hu\/webshop\/wp-content\/uploads\/2018\/12\/Szerecz_fav_2018.png","contentUrl":"https:\/\/szereczauto.hu\/webshop\/wp-content\/uploads\/2018\/12\/Szerecz_fav_2018.png","width":512,"height":512,"caption":"Szerecz Aut\u00f3alkatr\u00e9sz Web\u00e1ruh\u00e1z"},"image":{"@id":"https:\/\/szereczauto.hu\/webshop\/#\/schema\/logo\/image\/"},"sameAs":["https:\/\/www.facebook.com\/szereczauto\/","https:\/\/www.youtube.com\/channel\/UCGA5LXUmL_i2xDxT2GNNEBQ"]}]}},"_links":{"self":[{"href":"https:\/\/szereczauto.hu\/webshop\/wp-json\/wp\/v2\/product\/20799","targetHints":{"allow":["GET"]}}],"collection":[{"href":"https:\/\/szereczauto.hu\/webshop\/wp-json\/wp\/v2\/product"}],"about":[{"href":"https:\/\/szereczauto.hu\/webshop\/wp-json\/wp\/v2\/types\/product"}],"replies":[{"embeddable":true,"href":"https:\/\/szereczauto.hu\/webshop\/wp-json\/wp\/v2\/comments?post=20799"}],"wp:featuredmedia":[{"embeddable":true,"href":"https:\/\/szereczauto.hu\/webshop\/wp-json\/wp\/v2\/media\/20800"}],"wp:attachment":[{"href":"https:\/\/szereczauto.hu\/webshop\/wp-json\/wp\/v2\/media?parent=20799"}],"wp:term":[{"taxonomy":"product_brand","embeddable":true,"href":"https:\/\/szereczauto.hu\/webshop\/wp-json\/wp\/v2\/product_brand?post=20799"},{"taxonomy":"product_cat","embeddable":true,"href":"https:\/\/szereczauto.hu\/webshop\/wp-json\/wp\/v2\/product_cat?post=20799"},{"taxonomy":"product_tag","embeddable":true,"href":"https:\/\/szereczauto.hu\/webshop\/wp-json\/wp\/v2\/product_tag?post=20799"}],"curies":[{"name":"wp","href":"https:\/\/api.w.org\/{rel}","templated":true}]}}