{"id":19814,"date":"2021-02-22T15:09:11","date_gmt":"2021-02-22T13:09:11","guid":{"rendered":"https:\/\/szereczauto.hu\/webshop\/?post_type=product&#038;p=19814"},"modified":"2026-02-07T14:52:50","modified_gmt":"2026-02-07T12:52:50","slug":"thule-easyfold-xt-f3-vonohorgos-kerekpartarto-966500","status":"publish","type":"product","link":"https:\/\/szereczauto.hu\/webshop\/termek\/thule-easyfold-xt-f3-vonohorgos-kerekpartarto-966500\/","title":{"rendered":"Thule EasyFold XT F"},"content":{"rendered":"<p><strong>Thule EasyFold XT F3\u00a0<\/strong>Teljesen \u00f6sszecsukhat\u00f3, de nagy teherb\u00edr\u00e1s\u00fa <strong>FIX4BIKE von\u00f3horogra szerelhet\u0151 ker\u00e9kp\u00e1rtart\u00f3<\/strong>. K\u00f6nny\u0171 felszerelni \u00e9s t\u00e1rolni. <strong>Haszn\u00e1lhat\u00f3 minden t\u00edpus\u00fa ker\u00e9kp\u00e1rhoz. <\/strong>Bele\u00e9rtve az elektromos ker\u00e9kp\u00e1rokat, a Fatbike-okat, \u00e9s a gyermek ker\u00e9kp\u00e1rokat is. Egyszer\u0171en helyezd r\u00e1 a von\u00f3horogra, majd hajtsd ki \u00e9s m\u00e1sodpercek alatt haszn\u00e1latra k\u00e9sz.<\/p>\n<p>Jellemz\u0151i:<\/p>\n<ul>\n<li>T\u00f6mege:21,6kg<\/li>\n<li>Teherb\u00edr\u00e1sa 66 kg.<\/li>\n<li>M\u00e9rete 123x83x86cm.<\/li>\n<li>M\u00e9rete \u00f6sszehajtva 31x83x86 cm.<\/li>\n<li><strong>3db ker\u00e9kp\u00e1r sz\u00e1ll\u00edt\u00e1s\u00e1ra alkalmas.<\/strong><\/li>\n<li>1db sz\u00e1ll\u00edthat\u00f3 ker\u00e9kp\u00e1r max. t\u00f6mege 30kg.<\/li>\n<li>A v\u00e1ztart\u00f3k k\u00f6nnyen levehet\u0151ek illetve felrakhat\u00f3ak .<\/li>\n<li>A sz\u00e1ll\u00edtott ker\u00e9kp\u00e1rok k\u00f6z\u00f6tti ker\u00e9kt\u00e1vols\u00e1g 22\/19 cm.<\/li>\n<li>Sz\u00e1ll\u00edthat\u00f3 ker\u00e9kp\u00e1rok v\u00e1z\u00e1tm\u00e9r\u0151je 22-80mm.<\/li>\n<li>Kerekeket r\u00f6gz\u00edteni az \u00e1ll\u00edthat\u00f3 tart\u00f3kra racsnis csatokkal lehet.<\/li>\n<li>A racsnis csatokra <a href=\"http:\/\/szereczauto.hu\/webshop\/termek\/thule-kerekszijzar-986000\/\" target=\"_blank\" rel=\"noopener noreferrer\"><span style=\"color: #3366ff;\">sz\u00edjz\u00e1rat a 986000 cikksz\u00e1mon lehet rendelni.<\/span><\/a><\/li>\n<li>Fatbike kerekek r\u00f6gz\u00edt\u00e9s\u00e9hez XXL m\u00e9ret\u0171 sz\u00edjat a<a href=\"http:\/\/szereczauto.hu\/webshop\/termek\/thule-xxl-fatbike-kerekszij-985000\/\" target=\"_blank\" rel=\"noopener noreferrer\"><span style=\"color: #3366ff;\"> 985000 cikksz\u00e1mon lehet rendelni.<\/span><\/a><\/li>\n<li>A ker\u00e9kp\u00e1rokat a tart\u00f3hoz, a tart\u00f3t pedig az aut\u00f3hoz lehet z\u00e1rni.<\/li>\n<li>A tart\u00f3 ker\u00e9kp\u00e1rokkal egy\u00fctt, egy l\u00e1bped\u00e1llal lebillenthet\u0151, \u00e9s \u00edgy a csomagtart\u00f3 hozz\u00e1f\u00e9rhet\u0151.<\/li>\n<li>Ker\u00e9kp\u00e1rok feltol\u00e1s\u00e1hoz rakod\u00f3r\u00e1mpa <a href=\"http:\/\/szereczauto.hu\/webshop\/termek\/thule-easyfold-xt-kerekpartarto-rampa-933400\/\" target=\"_blank\" rel=\"noopener noreferrer\"><span style=\"color: #3366ff;\">9334 cikksz\u00e1mon rendelhet\u0151.<\/span><\/a><\/li>\n<li>Thule EasyFold XT3 hordoz\u00f3 t\u00e1ska a <a href=\"http:\/\/szereczauto.hu\/webshop\/termek\/thule-easyfold-934-hordozotaska-934400\/\" target=\"_blank\" rel=\"noopener noreferrer\"><span style=\"color: #3366ff;\">934400 cikksz\u00e1mon rendelhet\u0151.<\/span><\/a><\/li>\n<li>A ker\u00e9kp\u00e1rtart\u00f3 csatlakoz\u00f3 aljzata 13 p\u00f3lus\u00fa de a <a href=\"http:\/\/szereczauto.hu\/webshop\/termek\/thule990600\/\" target=\"_blank\" rel=\"noopener noreferrer\"><span style=\"color: #3366ff;\">990600 adapterrel 7 p\u00f3lus\u00fa<\/span><\/a>.<\/li>\n<li>H\u00e1ts\u00f3 ajt\u00f3ra szerelt p\u00f3tker\u00e9kkel rendelkez\u0151 aut\u00f3k eset\u00e9n nem haszn\u00e1lhat\u00f3.<\/li>\n<li><a href=\"http:\/\/szereczauto.hu\/webshop\/termekkategoria\/thule_termekek\/thule-kerekpartartok\/kerekpartarto-kiegeszitok\/\" target=\"_blank\" rel=\"noopener noreferrer\"><span style=\"color: #3366ff;\">Thule One Key System<\/span><\/a> (egykulcsos rendszer) kompatibilis.<\/li>\n<li>T\u00dcV\/Eurobe tan\u00fas\u00edtv\u00e1nnyal rendelkezik.<\/li>\n<li>Teljes\u00edti a City Crash szabv\u00e1ny el\u0151\u00edr\u00e1sait.<\/li>\n<\/ul>\n<p style=\"text-align: left;\"><span style=\"color: #ff0000;\"><strong>A n\u00e1lunk v\u00e1s\u00e1rolt ker\u00e9kp\u00e1rtart\u00f3t, k\u00e9r\u00e9s\u00e9re &#8211; INGYEN \u00d6SSZESZERELJ\u00dcK &#8211; ha bef\u00e1rad az \u00fczlet\u00fcnkbe.<br \/>\n<\/strong><\/span><\/p>\n<p style=\"text-align: left;\"><span style=\"color: #000000;\"><strong>K\u00e9rd\u00e9se van, seg\u00edts\u00e9gre van sz\u00fcks\u00e9ge! &#8211;<\/strong><span style=\"color: #3366ff;\"><a style=\"color: #3366ff;\" href=\"http:\/\/szereczauto.hu\/kerdezzen\/\" target=\"_blank\" rel=\"noopener noreferrer\"><strong> Itt l\u00e9phet kapcsolatba vel\u00fcnk!<\/strong><\/a><\/span><\/span><\/p>\n","protected":false},"excerpt":{"rendered":"<p><strong><span style=\"color: #808080;\"><span style=\"color: #000000;\">Ezt a t\u00edpus\u00fa ker\u00e9kp\u00e1rtart\u00f3t <span style=\"color: #ff0000;\">csak FIX4BIKE von\u00f3horogra<\/span> lehet felszerelni!<\/span><\/span><\/strong><\/p>\n<p><iframe loading=\"lazy\" title=\"YouTube video player\" src=\"https:\/\/www.youtube.com\/embed\/OxEkL5Fpjbk?si=19jEPZkHsz4q5YND\" width=\"560\" height=\"315\" frameborder=\"0\" allowfullscreen=\"allowfullscreen\"><\/iframe><\/p>\n","protected":false},"featured_media":19815,"comment_status":"open","ping_status":"closed","template":"","meta":{"_et_pb_use_builder":"","_et_pb_old_content":"","_et_gb_content_width":"","wp_popup_display_lightbox":0,"wp_popup_suppress":"","wp_popup_trigger":"","wp_popup_trigger_amount":0,"wp_popup_disable_on_mobile":false},"product_brand":[],"product_cat":[57,49,68],"product_tag":[],"class_list":{"0":"post-19814","1":"product","2":"type-product","3":"status-publish","4":"has-post-thumbnail","6":"product_cat-thule-kerekpartartok","7":"product_cat-thule_termekek","8":"product_cat-vonohorogra","10":"first","11":"instock","12":"shipping-taxable","13":"purchasable","14":"product-type-simple"},"yoast_head":"<!-- This site is optimized with the Yoast SEO plugin v27.3 - https:\/\/yoast.com\/product\/yoast-seo-wordpress\/ -->\n<title>Thule EasyFold XT F &#187; Szerecz Aut\u00f3alkatr\u00e9sz Web\u00e1ruh\u00e1z<\/title>\n<meta name=\"robots\" content=\"index, follow, max-snippet:-1, max-image-preview:large, max-video-preview:-1\" \/>\n<link rel=\"canonical\" href=\"https:\/\/szereczauto.hu\/webshop\/termek\/thule-easyfold-xt-f3-vonohorgos-kerekpartarto-966500\/\" \/>\n<meta property=\"og:locale\" content=\"hu_HU\" \/>\n<meta property=\"og:type\" content=\"article\" \/>\n<meta property=\"og:title\" content=\"Thule EasyFold XT F &#187; Szerecz Aut\u00f3alkatr\u00e9sz Web\u00e1ruh\u00e1z\" \/>\n<meta property=\"og:description\" content=\"Ezt a t\u00edpus\u00fa ker\u00e9kp\u00e1rtart\u00f3t csak FIX4BIKE von\u00f3horogra lehet felszerelni!\" \/>\n<meta property=\"og:url\" content=\"https:\/\/szereczauto.hu\/webshop\/termek\/thule-easyfold-xt-f3-vonohorgos-kerekpartarto-966500\/\" \/>\n<meta property=\"og:site_name\" content=\"Szerecz Aut\u00f3alkatr\u00e9sz Web\u00e1ruh\u00e1z\" \/>\n<meta property=\"article:publisher\" content=\"https:\/\/www.facebook.com\/szereczauto\/\" \/>\n<meta property=\"article:modified_time\" content=\"2026-02-07T12:52:50+00:00\" \/>\n<meta property=\"og:image\" content=\"https:\/\/szereczauto.hu\/webshop\/wp-content\/uploads\/2021\/02\/Thule-EasyFold-XT-F-3-1.jpg\" \/>\n\t<meta property=\"og:image:width\" content=\"800\" \/>\n\t<meta property=\"og:image:height\" content=\"800\" \/>\n\t<meta property=\"og:image:type\" content=\"image\/jpeg\" \/>\n<script type=\"application\/ld+json\" class=\"yoast-schema-graph\">{\"@context\":\"https:\\\/\\\/schema.org\",\"@graph\":[{\"@type\":\"WebPage\",\"@id\":\"https:\\\/\\\/szereczauto.hu\\\/webshop\\\/termek\\\/thule-easyfold-xt-f3-vonohorgos-kerekpartarto-966500\\\/\",\"url\":\"https:\\\/\\\/szereczauto.hu\\\/webshop\\\/termek\\\/thule-easyfold-xt-f3-vonohorgos-kerekpartarto-966500\\\/\",\"name\":\"Thule EasyFold XT F &#187; Szerecz Aut\u00f3alkatr\u00e9sz Web\u00e1ruh\u00e1z\",\"isPartOf\":{\"@id\":\"https:\\\/\\\/szereczauto.hu\\\/webshop\\\/#website\"},\"primaryImageOfPage\":{\"@id\":\"https:\\\/\\\/szereczauto.hu\\\/webshop\\\/termek\\\/thule-easyfold-xt-f3-vonohorgos-kerekpartarto-966500\\\/#primaryimage\"},\"image\":{\"@id\":\"https:\\\/\\\/szereczauto.hu\\\/webshop\\\/termek\\\/thule-easyfold-xt-f3-vonohorgos-kerekpartarto-966500\\\/#primaryimage\"},\"thumbnailUrl\":\"https:\\\/\\\/szereczauto.hu\\\/webshop\\\/wp-content\\\/uploads\\\/2021\\\/02\\\/Thule-EasyFold-XT-F-3-1.jpg\",\"datePublished\":\"2021-02-22T13:09:11+00:00\",\"dateModified\":\"2026-02-07T12:52:50+00:00\",\"breadcrumb\":{\"@id\":\"https:\\\/\\\/szereczauto.hu\\\/webshop\\\/termek\\\/thule-easyfold-xt-f3-vonohorgos-kerekpartarto-966500\\\/#breadcrumb\"},\"inLanguage\":\"hu\",\"potentialAction\":[{\"@type\":\"ReadAction\",\"target\":[\"https:\\\/\\\/szereczauto.hu\\\/webshop\\\/termek\\\/thule-easyfold-xt-f3-vonohorgos-kerekpartarto-966500\\\/\"]}]},{\"@type\":\"ImageObject\",\"inLanguage\":\"hu\",\"@id\":\"https:\\\/\\\/szereczauto.hu\\\/webshop\\\/termek\\\/thule-easyfold-xt-f3-vonohorgos-kerekpartarto-966500\\\/#primaryimage\",\"url\":\"https:\\\/\\\/szereczauto.hu\\\/webshop\\\/wp-content\\\/uploads\\\/2021\\\/02\\\/Thule-EasyFold-XT-F-3-1.jpg\",\"contentUrl\":\"https:\\\/\\\/szereczauto.hu\\\/webshop\\\/wp-content\\\/uploads\\\/2021\\\/02\\\/Thule-EasyFold-XT-F-3-1.jpg\",\"width\":800,\"height\":800},{\"@type\":\"BreadcrumbList\",\"@id\":\"https:\\\/\\\/szereczauto.hu\\\/webshop\\\/termek\\\/thule-easyfold-xt-f3-vonohorgos-kerekpartarto-966500\\\/#breadcrumb\",\"itemListElement\":[{\"@type\":\"ListItem\",\"position\":1,\"name\":\"Home\",\"item\":\"https:\\\/\\\/szereczauto.hu\\\/webshop\\\/\"},{\"@type\":\"ListItem\",\"position\":2,\"name\":\"Term\u00e9keink\",\"item\":\"https:\\\/\\\/szereczauto.hu\\\/webshop\\\/shop\\\/\"},{\"@type\":\"ListItem\",\"position\":3,\"name\":\"Thule EasyFold XT F\"}]},{\"@type\":\"WebSite\",\"@id\":\"https:\\\/\\\/szereczauto.hu\\\/webshop\\\/#website\",\"url\":\"https:\\\/\\\/szereczauto.hu\\\/webshop\\\/\",\"name\":\"Szerecz Aut\u00f3alkatr\u00e9sz Web\u00e1ruh\u00e1z\",\"description\":\"Szerecz Aut\u00f3 Kft. - Thule term\u00e9kek, aut\u00f3alkatr\u00e9szek web\u00e1ruh\u00e1za\",\"publisher\":{\"@id\":\"https:\\\/\\\/szereczauto.hu\\\/webshop\\\/#organization\"},\"potentialAction\":[{\"@type\":\"SearchAction\",\"target\":{\"@type\":\"EntryPoint\",\"urlTemplate\":\"https:\\\/\\\/szereczauto.hu\\\/webshop\\\/?s={search_term_string}\"},\"query-input\":{\"@type\":\"PropertyValueSpecification\",\"valueRequired\":true,\"valueName\":\"search_term_string\"}}],\"inLanguage\":\"hu\"},{\"@type\":\"Organization\",\"@id\":\"https:\\\/\\\/szereczauto.hu\\\/webshop\\\/#organization\",\"name\":\"Szerecz Aut\u00f3alkatr\u00e9sz Web\u00e1ruh\u00e1z\",\"url\":\"https:\\\/\\\/szereczauto.hu\\\/webshop\\\/\",\"logo\":{\"@type\":\"ImageObject\",\"inLanguage\":\"hu\",\"@id\":\"https:\\\/\\\/szereczauto.hu\\\/webshop\\\/#\\\/schema\\\/logo\\\/image\\\/\",\"url\":\"https:\\\/\\\/szereczauto.hu\\\/webshop\\\/wp-content\\\/uploads\\\/2018\\\/12\\\/Szerecz_fav_2018.png\",\"contentUrl\":\"https:\\\/\\\/szereczauto.hu\\\/webshop\\\/wp-content\\\/uploads\\\/2018\\\/12\\\/Szerecz_fav_2018.png\",\"width\":512,\"height\":512,\"caption\":\"Szerecz Aut\u00f3alkatr\u00e9sz Web\u00e1ruh\u00e1z\"},\"image\":{\"@id\":\"https:\\\/\\\/szereczauto.hu\\\/webshop\\\/#\\\/schema\\\/logo\\\/image\\\/\"},\"sameAs\":[\"https:\\\/\\\/www.facebook.com\\\/szereczauto\\\/\",\"https:\\\/\\\/www.youtube.com\\\/channel\\\/UCGA5LXUmL_i2xDxT2GNNEBQ\"]}]}<\/script>\n<!-- \/ Yoast SEO plugin. -->","yoast_head_json":{"title":"Thule EasyFold XT F &#187; Szerecz Aut\u00f3alkatr\u00e9sz Web\u00e1ruh\u00e1z","robots":{"index":"index","follow":"follow","max-snippet":"max-snippet:-1","max-image-preview":"max-image-preview:large","max-video-preview":"max-video-preview:-1"},"canonical":"https:\/\/szereczauto.hu\/webshop\/termek\/thule-easyfold-xt-f3-vonohorgos-kerekpartarto-966500\/","og_locale":"hu_HU","og_type":"article","og_title":"Thule EasyFold XT F &#187; Szerecz Aut\u00f3alkatr\u00e9sz Web\u00e1ruh\u00e1z","og_description":"Ezt a t\u00edpus\u00fa ker\u00e9kp\u00e1rtart\u00f3t csak FIX4BIKE von\u00f3horogra lehet felszerelni!","og_url":"https:\/\/szereczauto.hu\/webshop\/termek\/thule-easyfold-xt-f3-vonohorgos-kerekpartarto-966500\/","og_site_name":"Szerecz Aut\u00f3alkatr\u00e9sz Web\u00e1ruh\u00e1z","article_publisher":"https:\/\/www.facebook.com\/szereczauto\/","article_modified_time":"2026-02-07T12:52:50+00:00","og_image":[{"width":800,"height":800,"url":"https:\/\/szereczauto.hu\/webshop\/wp-content\/uploads\/2021\/02\/Thule-EasyFold-XT-F-3-1.jpg","type":"image\/jpeg"}],"schema":{"@context":"https:\/\/schema.org","@graph":[{"@type":"WebPage","@id":"https:\/\/szereczauto.hu\/webshop\/termek\/thule-easyfold-xt-f3-vonohorgos-kerekpartarto-966500\/","url":"https:\/\/szereczauto.hu\/webshop\/termek\/thule-easyfold-xt-f3-vonohorgos-kerekpartarto-966500\/","name":"Thule EasyFold XT F &#187; Szerecz Aut\u00f3alkatr\u00e9sz Web\u00e1ruh\u00e1z","isPartOf":{"@id":"https:\/\/szereczauto.hu\/webshop\/#website"},"primaryImageOfPage":{"@id":"https:\/\/szereczauto.hu\/webshop\/termek\/thule-easyfold-xt-f3-vonohorgos-kerekpartarto-966500\/#primaryimage"},"image":{"@id":"https:\/\/szereczauto.hu\/webshop\/termek\/thule-easyfold-xt-f3-vonohorgos-kerekpartarto-966500\/#primaryimage"},"thumbnailUrl":"https:\/\/szereczauto.hu\/webshop\/wp-content\/uploads\/2021\/02\/Thule-EasyFold-XT-F-3-1.jpg","datePublished":"2021-02-22T13:09:11+00:00","dateModified":"2026-02-07T12:52:50+00:00","breadcrumb":{"@id":"https:\/\/szereczauto.hu\/webshop\/termek\/thule-easyfold-xt-f3-vonohorgos-kerekpartarto-966500\/#breadcrumb"},"inLanguage":"hu","potentialAction":[{"@type":"ReadAction","target":["https:\/\/szereczauto.hu\/webshop\/termek\/thule-easyfold-xt-f3-vonohorgos-kerekpartarto-966500\/"]}]},{"@type":"ImageObject","inLanguage":"hu","@id":"https:\/\/szereczauto.hu\/webshop\/termek\/thule-easyfold-xt-f3-vonohorgos-kerekpartarto-966500\/#primaryimage","url":"https:\/\/szereczauto.hu\/webshop\/wp-content\/uploads\/2021\/02\/Thule-EasyFold-XT-F-3-1.jpg","contentUrl":"https:\/\/szereczauto.hu\/webshop\/wp-content\/uploads\/2021\/02\/Thule-EasyFold-XT-F-3-1.jpg","width":800,"height":800},{"@type":"BreadcrumbList","@id":"https:\/\/szereczauto.hu\/webshop\/termek\/thule-easyfold-xt-f3-vonohorgos-kerekpartarto-966500\/#breadcrumb","itemListElement":[{"@type":"ListItem","position":1,"name":"Home","item":"https:\/\/szereczauto.hu\/webshop\/"},{"@type":"ListItem","position":2,"name":"Term\u00e9keink","item":"https:\/\/szereczauto.hu\/webshop\/shop\/"},{"@type":"ListItem","position":3,"name":"Thule EasyFold XT F"}]},{"@type":"WebSite","@id":"https:\/\/szereczauto.hu\/webshop\/#website","url":"https:\/\/szereczauto.hu\/webshop\/","name":"Szerecz Aut\u00f3alkatr\u00e9sz Web\u00e1ruh\u00e1z","description":"Szerecz Aut\u00f3 Kft. - Thule term\u00e9kek, aut\u00f3alkatr\u00e9szek web\u00e1ruh\u00e1za","publisher":{"@id":"https:\/\/szereczauto.hu\/webshop\/#organization"},"potentialAction":[{"@type":"SearchAction","target":{"@type":"EntryPoint","urlTemplate":"https:\/\/szereczauto.hu\/webshop\/?s={search_term_string}"},"query-input":{"@type":"PropertyValueSpecification","valueRequired":true,"valueName":"search_term_string"}}],"inLanguage":"hu"},{"@type":"Organization","@id":"https:\/\/szereczauto.hu\/webshop\/#organization","name":"Szerecz Aut\u00f3alkatr\u00e9sz Web\u00e1ruh\u00e1z","url":"https:\/\/szereczauto.hu\/webshop\/","logo":{"@type":"ImageObject","inLanguage":"hu","@id":"https:\/\/szereczauto.hu\/webshop\/#\/schema\/logo\/image\/","url":"https:\/\/szereczauto.hu\/webshop\/wp-content\/uploads\/2018\/12\/Szerecz_fav_2018.png","contentUrl":"https:\/\/szereczauto.hu\/webshop\/wp-content\/uploads\/2018\/12\/Szerecz_fav_2018.png","width":512,"height":512,"caption":"Szerecz Aut\u00f3alkatr\u00e9sz Web\u00e1ruh\u00e1z"},"image":{"@id":"https:\/\/szereczauto.hu\/webshop\/#\/schema\/logo\/image\/"},"sameAs":["https:\/\/www.facebook.com\/szereczauto\/","https:\/\/www.youtube.com\/channel\/UCGA5LXUmL_i2xDxT2GNNEBQ"]}]}},"_links":{"self":[{"href":"https:\/\/szereczauto.hu\/webshop\/wp-json\/wp\/v2\/product\/19814","targetHints":{"allow":["GET"]}}],"collection":[{"href":"https:\/\/szereczauto.hu\/webshop\/wp-json\/wp\/v2\/product"}],"about":[{"href":"https:\/\/szereczauto.hu\/webshop\/wp-json\/wp\/v2\/types\/product"}],"replies":[{"embeddable":true,"href":"https:\/\/szereczauto.hu\/webshop\/wp-json\/wp\/v2\/comments?post=19814"}],"wp:featuredmedia":[{"embeddable":true,"href":"https:\/\/szereczauto.hu\/webshop\/wp-json\/wp\/v2\/media\/19815"}],"wp:attachment":[{"href":"https:\/\/szereczauto.hu\/webshop\/wp-json\/wp\/v2\/media?parent=19814"}],"wp:term":[{"taxonomy":"product_brand","embeddable":true,"href":"https:\/\/szereczauto.hu\/webshop\/wp-json\/wp\/v2\/product_brand?post=19814"},{"taxonomy":"product_cat","embeddable":true,"href":"https:\/\/szereczauto.hu\/webshop\/wp-json\/wp\/v2\/product_cat?post=19814"},{"taxonomy":"product_tag","embeddable":true,"href":"https:\/\/szereczauto.hu\/webshop\/wp-json\/wp\/v2\/product_tag?post=19814"}],"curies":[{"name":"wp","href":"https:\/\/api.w.org\/{rel}","templated":true}]}}