{"id":19001,"date":"2020-02-21T13:13:22","date_gmt":"2020-02-21T11:13:22","guid":{"rendered":"https:\/\/szereczauto.hu\/webshop\/?post_type=product&#038;p=19001"},"modified":"2025-01-24T13:25:52","modified_gmt":"2025-01-24T11:25:52","slug":"thule-wingbar-edge-113cm-ezust-szinu-csomagtartorud-721600","status":"publish","type":"product","link":"https:\/\/szereczauto.hu\/webshop\/termek\/thule-wingbar-edge-113cm-ezust-szinu-csomagtartorud-721600\/","title":{"rendered":"Thule WingBar Edge 113cm"},"content":{"rendered":"<p>Thule WingBar Edge csomagtart\u00f3r\u00fad, biztons\u00e1gos, st\u00edlusos, \u00e1ramvonalas \u2013 \u00e9s rendk\u00edv\u00fcl csendes. Nagyon egyszer\u0171 felszerelni r\u00e1 a k\u00fcl\u00f6nb\u00f6z\u0151 kieg\u00e9sz\u00edt\u0151 eszk\u00f6z\u00f6ket.<\/p>\n<p>Jellemz\u0151k:<\/p>\n<ul>\n<li><strong>A Thule Edge csomagtart\u00f3 rendszerekhez haszn\u00e1lhat\u00f3<\/strong>.<\/li>\n<li>Ez\u00fcst \u00e9s fekete sz\u00ednben kaphat\u00f3.<\/li>\n<li>K\u00f6nny\u0171 alum\u00edniumb\u00f3l k\u00e9sz\u00fcl.<\/li>\n<li>Teherb\u00edr\u00e1sa 75Kg. (Figyelembe kell venni az aut\u00f3 tet\u0151terhel\u00e9s\u00e9t!)<\/li>\n<li class=\"show-image-on-click\" data-target=\"#ProductDetailImageSlider\" data-slide-to=\"3\">\u00dagy tervezt\u00e9k \u00e9s fejlesztett\u00e9k, hogy a Thule Edge csomagtart\u00f3 talpak, gyorsan beszerelhet\u0151ek legyenek a csomagtart\u00f3r\u00fadba.<\/li>\n<li class=\"show-image-on-click\" data-target=\"#ProductDetailImageSlider\" data-slide-to=\"3\">A Thule Edge csomagtart\u00f3talpakkal szerelve, alacsony profil\u00fa, egyedi megjelen\u00e9s\u0171 tet\u0151csomagtart\u00f3 rendszer.<\/li>\n<li>A QuickAccess gumics\u00edkkal szerelt T-horony, megk\u00f6nny\u00edti a kieg\u00e9sz\u00edt\u0151k gyors felszerel\u00e9s\u00e9t.<\/li>\n<li>\u00a0TrailEdge kialak\u00edt\u00e1s \u00e9s a WindDiffuser technol\u00f3gia cs\u00f6kkenti a l\u00e9gellen\u00e1ll\u00e1st, \u00edgy alacsonyabb a menetzaj \u00e9s kedvez\u0151bb a fogyaszt\u00e1s.<\/li>\n<li>T\u00dcV\/Eurobe tan\u00fas\u00edtv\u00e1nnyal rendelkezik.<\/li>\n<li>Teljes\u00edti a City Crash szabv\u00e1ny el\u0151\u00edr\u00e1sait.<\/li>\n<\/ul>\n<p>A Thule WingBar Edge csomagtart\u00f3r\u00fad:77cm, 86cm, 95cm, 104cm, \u00e9s 113cm hossz\u00fa m\u00e9retben kaphat\u00f3.<\/p>\n<p>Tov\u00e1bbi inform\u00e1ci\u00f3k:<\/p>\n<ul>\n<li><a href=\"https:\/\/szereczauto.hu\/webshop\/wp-content\/uploads\/2020\/02\/Thule-WingBar-Evo-haszn\u00e1lati-\u00fatmutat\u00f3-1.pdf\" target=\"_blank\" rel=\"noopener noreferrer\"><span style=\"color: #3366ff;\">Thule WingBar Edge csomagtart\u00f3r\u00fad haszn\u00e1lati \u00fatmutat\u00f3.<\/span><\/a><\/li>\n<li><a href=\"https:\/\/szereczauto.hu\/webshop\/wp-content\/uploads\/2020\/02\/Thule-Wingbar-Evo-711100-711200-711300-711400-711500-alkatr\u00e9sz-lista-1.pdf\" target=\"_blank\" rel=\"noopener noreferrer\"><span style=\"color: #3366ff;\">Thule WingBar Edge csomagtart\u00f3r\u00fadhoz kaphat\u00f3 alkatr\u00e9szek.<\/span><\/a><\/li>\n<li><a href=\"http:\/\/szereczauto.hu\/webshop\/wp-content\/uploads\/2016\/06\/Thule-garancia-BringIt.pdf\" target=\"_blank\" rel=\"noopener noreferrer\"><span style=\"color: #3366ff;\">A Thule term\u00e9kekre vonatkoz\u00f3 BringIt garancia felt\u00e9telei.<\/span><\/a><\/li>\n<\/ul>\n<p><strong><span style=\"color: #ff0000;\">A n\u00e1lunk v\u00e1s\u00e1rolt tet\u0151csomagtart\u00f3t, k\u00e9r\u00e9s\u00e9re &#8211; INGYEN FELSZERELJ\u00dcK AZ AUT\u00d3J\u00c1RA &#8211; ha bef\u00e1rad az \u00fczlet\u00fcnkbe.<\/span><br \/>\n<\/strong><\/p>\n<p><strong>K\u00e9rd\u00e9se van, seg\u00edts\u00e9gre van sz\u00fcks\u00e9ge! &#8211;<\/strong><a href=\"http:\/\/szereczauto.hu\/kerdezzen\/\" target=\"_blank\" rel=\"noopener noreferrer\"><strong><span style=\"color: #3366ff;\"> Itt l\u00e9phet kapcsolatba vel\u00fcnk!<\/span><\/strong><\/a><\/p>\n","protected":false},"excerpt":{"rendered":"<p class=\"lead\" style=\"line-height: 23.25pt; background: white; margin: 0cm 0cm 15.75pt 0cm;\"><span style=\"font-size: 10.0pt; font-family: 'Verdana',sans-serif; color: #121212;\">Ez\u00fcst sz\u00edn\u0171 st\u00edlusos, biztons\u00e1gos, \u00e1ramvonalas \u00e9s rendk\u00edv\u00fcl csendes. Pr\u00e9mium min\u0151s\u00e9g\u0171 csomagtart\u00f3r\u00fad.<br \/>\n<\/span><\/p>\n<p>1db-os kiszerel\u00e9s<\/p>\n","protected":false},"featured_media":18992,"comment_status":"open","ping_status":"closed","template":"","meta":{"_et_pb_use_builder":"","_et_pb_old_content":"","_et_gb_content_width":"","wp_popup_display_lightbox":0,"wp_popup_suppress":"","wp_popup_trigger":"","wp_popup_trigger_amount":0,"wp_popup_disable_on_mobile":false},"product_brand":[],"product_cat":[201,49,55],"product_tag":[],"class_list":{"0":"post-19001","1":"product","2":"type-product","3":"status-publish","4":"has-post-thumbnail","6":"product_cat-tetocsomagtarto-rudak","7":"product_cat-thule_termekek","8":"product_cat-thule-tetocsomagtartok","10":"first","11":"instock","12":"shipping-taxable","13":"purchasable","14":"product-type-simple"},"yoast_head":"<!-- This site is optimized with the Yoast SEO plugin v27.3 - https:\/\/yoast.com\/product\/yoast-seo-wordpress\/ -->\n<title>Thule WingBar Edge 113cm &#187; Szerecz Aut\u00f3alkatr\u00e9sz Web\u00e1ruh\u00e1z<\/title>\n<meta name=\"robots\" content=\"index, follow, max-snippet:-1, max-image-preview:large, max-video-preview:-1\" \/>\n<link rel=\"canonical\" href=\"https:\/\/szereczauto.hu\/webshop\/termek\/thule-wingbar-edge-113cm-ezust-szinu-csomagtartorud-721600\/\" \/>\n<meta property=\"og:locale\" content=\"hu_HU\" \/>\n<meta property=\"og:type\" content=\"article\" \/>\n<meta property=\"og:title\" content=\"Thule WingBar Edge 113cm &#187; Szerecz Aut\u00f3alkatr\u00e9sz Web\u00e1ruh\u00e1z\" \/>\n<meta property=\"og:description\" content=\"Ez\u00fcst sz\u00edn\u0171 st\u00edlusos, biztons\u00e1gos, \u00e1ramvonalas \u00e9s rendk\u00edv\u00fcl csendes. Pr\u00e9mium min\u0151s\u00e9g\u0171 csomagtart\u00f3r\u00fad.  1db-os kiszerel\u00e9s\" \/>\n<meta property=\"og:url\" content=\"https:\/\/szereczauto.hu\/webshop\/termek\/thule-wingbar-edge-113cm-ezust-szinu-csomagtartorud-721600\/\" \/>\n<meta property=\"og:site_name\" content=\"Szerecz Aut\u00f3alkatr\u00e9sz Web\u00e1ruh\u00e1z\" \/>\n<meta property=\"article:publisher\" content=\"https:\/\/www.facebook.com\/szereczauto\/\" \/>\n<meta property=\"article:modified_time\" content=\"2025-01-24T11:25:52+00:00\" \/>\n<meta property=\"og:image\" content=\"https:\/\/szereczauto.hu\/webshop\/wp-content\/uploads\/2020\/02\/Thule-WingBar-Edge-ez\u00fcst-1.jpg\" \/>\n\t<meta property=\"og:image:width\" content=\"800\" \/>\n\t<meta property=\"og:image:height\" content=\"800\" \/>\n\t<meta property=\"og:image:type\" content=\"image\/jpeg\" \/>\n<script type=\"application\/ld+json\" class=\"yoast-schema-graph\">{\"@context\":\"https:\\\/\\\/schema.org\",\"@graph\":[{\"@type\":\"WebPage\",\"@id\":\"https:\\\/\\\/szereczauto.hu\\\/webshop\\\/termek\\\/thule-wingbar-edge-113cm-ezust-szinu-csomagtartorud-721600\\\/\",\"url\":\"https:\\\/\\\/szereczauto.hu\\\/webshop\\\/termek\\\/thule-wingbar-edge-113cm-ezust-szinu-csomagtartorud-721600\\\/\",\"name\":\"Thule WingBar Edge 113cm &#187; Szerecz Aut\u00f3alkatr\u00e9sz Web\u00e1ruh\u00e1z\",\"isPartOf\":{\"@id\":\"https:\\\/\\\/szereczauto.hu\\\/webshop\\\/#website\"},\"primaryImageOfPage\":{\"@id\":\"https:\\\/\\\/szereczauto.hu\\\/webshop\\\/termek\\\/thule-wingbar-edge-113cm-ezust-szinu-csomagtartorud-721600\\\/#primaryimage\"},\"image\":{\"@id\":\"https:\\\/\\\/szereczauto.hu\\\/webshop\\\/termek\\\/thule-wingbar-edge-113cm-ezust-szinu-csomagtartorud-721600\\\/#primaryimage\"},\"thumbnailUrl\":\"https:\\\/\\\/szereczauto.hu\\\/webshop\\\/wp-content\\\/uploads\\\/2020\\\/02\\\/Thule-WingBar-Edge-ez\u00fcst-1.jpg\",\"datePublished\":\"2020-02-21T11:13:22+00:00\",\"dateModified\":\"2025-01-24T11:25:52+00:00\",\"breadcrumb\":{\"@id\":\"https:\\\/\\\/szereczauto.hu\\\/webshop\\\/termek\\\/thule-wingbar-edge-113cm-ezust-szinu-csomagtartorud-721600\\\/#breadcrumb\"},\"inLanguage\":\"hu\",\"potentialAction\":[{\"@type\":\"ReadAction\",\"target\":[\"https:\\\/\\\/szereczauto.hu\\\/webshop\\\/termek\\\/thule-wingbar-edge-113cm-ezust-szinu-csomagtartorud-721600\\\/\"]}]},{\"@type\":\"ImageObject\",\"inLanguage\":\"hu\",\"@id\":\"https:\\\/\\\/szereczauto.hu\\\/webshop\\\/termek\\\/thule-wingbar-edge-113cm-ezust-szinu-csomagtartorud-721600\\\/#primaryimage\",\"url\":\"https:\\\/\\\/szereczauto.hu\\\/webshop\\\/wp-content\\\/uploads\\\/2020\\\/02\\\/Thule-WingBar-Edge-ez\u00fcst-1.jpg\",\"contentUrl\":\"https:\\\/\\\/szereczauto.hu\\\/webshop\\\/wp-content\\\/uploads\\\/2020\\\/02\\\/Thule-WingBar-Edge-ez\u00fcst-1.jpg\",\"width\":800,\"height\":800,\"caption\":\"thule partner, szereczauto, webshop\"},{\"@type\":\"BreadcrumbList\",\"@id\":\"https:\\\/\\\/szereczauto.hu\\\/webshop\\\/termek\\\/thule-wingbar-edge-113cm-ezust-szinu-csomagtartorud-721600\\\/#breadcrumb\",\"itemListElement\":[{\"@type\":\"ListItem\",\"position\":1,\"name\":\"Home\",\"item\":\"https:\\\/\\\/szereczauto.hu\\\/webshop\\\/\"},{\"@type\":\"ListItem\",\"position\":2,\"name\":\"Term\u00e9keink\",\"item\":\"https:\\\/\\\/szereczauto.hu\\\/webshop\\\/shop\\\/\"},{\"@type\":\"ListItem\",\"position\":3,\"name\":\"Thule WingBar Edge 113cm\"}]},{\"@type\":\"WebSite\",\"@id\":\"https:\\\/\\\/szereczauto.hu\\\/webshop\\\/#website\",\"url\":\"https:\\\/\\\/szereczauto.hu\\\/webshop\\\/\",\"name\":\"Szerecz Aut\u00f3alkatr\u00e9sz Web\u00e1ruh\u00e1z\",\"description\":\"Szerecz Aut\u00f3 Kft. - Thule term\u00e9kek, aut\u00f3alkatr\u00e9szek web\u00e1ruh\u00e1za\",\"publisher\":{\"@id\":\"https:\\\/\\\/szereczauto.hu\\\/webshop\\\/#organization\"},\"potentialAction\":[{\"@type\":\"SearchAction\",\"target\":{\"@type\":\"EntryPoint\",\"urlTemplate\":\"https:\\\/\\\/szereczauto.hu\\\/webshop\\\/?s={search_term_string}\"},\"query-input\":{\"@type\":\"PropertyValueSpecification\",\"valueRequired\":true,\"valueName\":\"search_term_string\"}}],\"inLanguage\":\"hu\"},{\"@type\":\"Organization\",\"@id\":\"https:\\\/\\\/szereczauto.hu\\\/webshop\\\/#organization\",\"name\":\"Szerecz Aut\u00f3alkatr\u00e9sz Web\u00e1ruh\u00e1z\",\"url\":\"https:\\\/\\\/szereczauto.hu\\\/webshop\\\/\",\"logo\":{\"@type\":\"ImageObject\",\"inLanguage\":\"hu\",\"@id\":\"https:\\\/\\\/szereczauto.hu\\\/webshop\\\/#\\\/schema\\\/logo\\\/image\\\/\",\"url\":\"https:\\\/\\\/szereczauto.hu\\\/webshop\\\/wp-content\\\/uploads\\\/2018\\\/12\\\/Szerecz_fav_2018.png\",\"contentUrl\":\"https:\\\/\\\/szereczauto.hu\\\/webshop\\\/wp-content\\\/uploads\\\/2018\\\/12\\\/Szerecz_fav_2018.png\",\"width\":512,\"height\":512,\"caption\":\"Szerecz Aut\u00f3alkatr\u00e9sz Web\u00e1ruh\u00e1z\"},\"image\":{\"@id\":\"https:\\\/\\\/szereczauto.hu\\\/webshop\\\/#\\\/schema\\\/logo\\\/image\\\/\"},\"sameAs\":[\"https:\\\/\\\/www.facebook.com\\\/szereczauto\\\/\",\"https:\\\/\\\/www.youtube.com\\\/channel\\\/UCGA5LXUmL_i2xDxT2GNNEBQ\"]}]}<\/script>\n<!-- \/ Yoast SEO plugin. -->","yoast_head_json":{"title":"Thule WingBar Edge 113cm &#187; Szerecz Aut\u00f3alkatr\u00e9sz Web\u00e1ruh\u00e1z","robots":{"index":"index","follow":"follow","max-snippet":"max-snippet:-1","max-image-preview":"max-image-preview:large","max-video-preview":"max-video-preview:-1"},"canonical":"https:\/\/szereczauto.hu\/webshop\/termek\/thule-wingbar-edge-113cm-ezust-szinu-csomagtartorud-721600\/","og_locale":"hu_HU","og_type":"article","og_title":"Thule WingBar Edge 113cm &#187; Szerecz Aut\u00f3alkatr\u00e9sz Web\u00e1ruh\u00e1z","og_description":"Ez\u00fcst sz\u00edn\u0171 st\u00edlusos, biztons\u00e1gos, \u00e1ramvonalas \u00e9s rendk\u00edv\u00fcl csendes. Pr\u00e9mium min\u0151s\u00e9g\u0171 csomagtart\u00f3r\u00fad.  1db-os kiszerel\u00e9s","og_url":"https:\/\/szereczauto.hu\/webshop\/termek\/thule-wingbar-edge-113cm-ezust-szinu-csomagtartorud-721600\/","og_site_name":"Szerecz Aut\u00f3alkatr\u00e9sz Web\u00e1ruh\u00e1z","article_publisher":"https:\/\/www.facebook.com\/szereczauto\/","article_modified_time":"2025-01-24T11:25:52+00:00","og_image":[{"width":800,"height":800,"url":"https:\/\/szereczauto.hu\/webshop\/wp-content\/uploads\/2020\/02\/Thule-WingBar-Edge-ez\u00fcst-1.jpg","type":"image\/jpeg"}],"schema":{"@context":"https:\/\/schema.org","@graph":[{"@type":"WebPage","@id":"https:\/\/szereczauto.hu\/webshop\/termek\/thule-wingbar-edge-113cm-ezust-szinu-csomagtartorud-721600\/","url":"https:\/\/szereczauto.hu\/webshop\/termek\/thule-wingbar-edge-113cm-ezust-szinu-csomagtartorud-721600\/","name":"Thule WingBar Edge 113cm &#187; Szerecz Aut\u00f3alkatr\u00e9sz Web\u00e1ruh\u00e1z","isPartOf":{"@id":"https:\/\/szereczauto.hu\/webshop\/#website"},"primaryImageOfPage":{"@id":"https:\/\/szereczauto.hu\/webshop\/termek\/thule-wingbar-edge-113cm-ezust-szinu-csomagtartorud-721600\/#primaryimage"},"image":{"@id":"https:\/\/szereczauto.hu\/webshop\/termek\/thule-wingbar-edge-113cm-ezust-szinu-csomagtartorud-721600\/#primaryimage"},"thumbnailUrl":"https:\/\/szereczauto.hu\/webshop\/wp-content\/uploads\/2020\/02\/Thule-WingBar-Edge-ez\u00fcst-1.jpg","datePublished":"2020-02-21T11:13:22+00:00","dateModified":"2025-01-24T11:25:52+00:00","breadcrumb":{"@id":"https:\/\/szereczauto.hu\/webshop\/termek\/thule-wingbar-edge-113cm-ezust-szinu-csomagtartorud-721600\/#breadcrumb"},"inLanguage":"hu","potentialAction":[{"@type":"ReadAction","target":["https:\/\/szereczauto.hu\/webshop\/termek\/thule-wingbar-edge-113cm-ezust-szinu-csomagtartorud-721600\/"]}]},{"@type":"ImageObject","inLanguage":"hu","@id":"https:\/\/szereczauto.hu\/webshop\/termek\/thule-wingbar-edge-113cm-ezust-szinu-csomagtartorud-721600\/#primaryimage","url":"https:\/\/szereczauto.hu\/webshop\/wp-content\/uploads\/2020\/02\/Thule-WingBar-Edge-ez\u00fcst-1.jpg","contentUrl":"https:\/\/szereczauto.hu\/webshop\/wp-content\/uploads\/2020\/02\/Thule-WingBar-Edge-ez\u00fcst-1.jpg","width":800,"height":800,"caption":"thule partner, szereczauto, webshop"},{"@type":"BreadcrumbList","@id":"https:\/\/szereczauto.hu\/webshop\/termek\/thule-wingbar-edge-113cm-ezust-szinu-csomagtartorud-721600\/#breadcrumb","itemListElement":[{"@type":"ListItem","position":1,"name":"Home","item":"https:\/\/szereczauto.hu\/webshop\/"},{"@type":"ListItem","position":2,"name":"Term\u00e9keink","item":"https:\/\/szereczauto.hu\/webshop\/shop\/"},{"@type":"ListItem","position":3,"name":"Thule WingBar Edge 113cm"}]},{"@type":"WebSite","@id":"https:\/\/szereczauto.hu\/webshop\/#website","url":"https:\/\/szereczauto.hu\/webshop\/","name":"Szerecz Aut\u00f3alkatr\u00e9sz Web\u00e1ruh\u00e1z","description":"Szerecz Aut\u00f3 Kft. - Thule term\u00e9kek, aut\u00f3alkatr\u00e9szek web\u00e1ruh\u00e1za","publisher":{"@id":"https:\/\/szereczauto.hu\/webshop\/#organization"},"potentialAction":[{"@type":"SearchAction","target":{"@type":"EntryPoint","urlTemplate":"https:\/\/szereczauto.hu\/webshop\/?s={search_term_string}"},"query-input":{"@type":"PropertyValueSpecification","valueRequired":true,"valueName":"search_term_string"}}],"inLanguage":"hu"},{"@type":"Organization","@id":"https:\/\/szereczauto.hu\/webshop\/#organization","name":"Szerecz Aut\u00f3alkatr\u00e9sz Web\u00e1ruh\u00e1z","url":"https:\/\/szereczauto.hu\/webshop\/","logo":{"@type":"ImageObject","inLanguage":"hu","@id":"https:\/\/szereczauto.hu\/webshop\/#\/schema\/logo\/image\/","url":"https:\/\/szereczauto.hu\/webshop\/wp-content\/uploads\/2018\/12\/Szerecz_fav_2018.png","contentUrl":"https:\/\/szereczauto.hu\/webshop\/wp-content\/uploads\/2018\/12\/Szerecz_fav_2018.png","width":512,"height":512,"caption":"Szerecz Aut\u00f3alkatr\u00e9sz Web\u00e1ruh\u00e1z"},"image":{"@id":"https:\/\/szereczauto.hu\/webshop\/#\/schema\/logo\/image\/"},"sameAs":["https:\/\/www.facebook.com\/szereczauto\/","https:\/\/www.youtube.com\/channel\/UCGA5LXUmL_i2xDxT2GNNEBQ"]}]}},"_links":{"self":[{"href":"https:\/\/szereczauto.hu\/webshop\/wp-json\/wp\/v2\/product\/19001","targetHints":{"allow":["GET"]}}],"collection":[{"href":"https:\/\/szereczauto.hu\/webshop\/wp-json\/wp\/v2\/product"}],"about":[{"href":"https:\/\/szereczauto.hu\/webshop\/wp-json\/wp\/v2\/types\/product"}],"replies":[{"embeddable":true,"href":"https:\/\/szereczauto.hu\/webshop\/wp-json\/wp\/v2\/comments?post=19001"}],"wp:featuredmedia":[{"embeddable":true,"href":"https:\/\/szereczauto.hu\/webshop\/wp-json\/wp\/v2\/media\/18992"}],"wp:attachment":[{"href":"https:\/\/szereczauto.hu\/webshop\/wp-json\/wp\/v2\/media?parent=19001"}],"wp:term":[{"taxonomy":"product_brand","embeddable":true,"href":"https:\/\/szereczauto.hu\/webshop\/wp-json\/wp\/v2\/product_brand?post=19001"},{"taxonomy":"product_cat","embeddable":true,"href":"https:\/\/szereczauto.hu\/webshop\/wp-json\/wp\/v2\/product_cat?post=19001"},{"taxonomy":"product_tag","embeddable":true,"href":"https:\/\/szereczauto.hu\/webshop\/wp-json\/wp\/v2\/product_tag?post=19001"}],"curies":[{"name":"wp","href":"https:\/\/api.w.org\/{rel}","templated":true}]}}