{"id":17532,"date":"2018-04-10T13:28:20","date_gmt":"2018-04-10T11:28:20","guid":{"rendered":"http:\/\/szereczauto.hu\/webshop\/?post_type=product&#038;p=17532"},"modified":"2023-04-21T14:28:34","modified_gmt":"2023-04-21T12:28:34","slug":"sonax-premium-class-boratisztito-krem-250-ml-281141","status":"publish","type":"product","link":"https:\/\/szereczauto.hu\/webshop\/termek\/sonax-premium-class-boratisztito-krem-250-ml-281141\/","title":{"rendered":"Sonax Pr\u00e9mium Class B\u0151rtiszt\u00edt\u00f3 kr\u00e9m 250 ml."},"content":{"rendered":"<p><strong>SONAX PR\u00c9MIUM CLASS B\u0151rtiszt\u00edt\u00f3 kr\u00e9m 250 ml.<br \/>\n<\/strong><\/p>\n<p>Hat\u00e9kony tiszt\u00edt\u00e1s minden t\u00edpus\u00fa sima b\u0151r fel\u00fcletre. K\u00fcl\u00f6n\u00f6sen gyorsan hat\u00f3, intenz\u00edv hat\u00e1s \u00e9s a maxim\u00e1lis anyagi kompatibilit\u00e1s. Elt\u00e1vol\u00edtja m\u00e9g a legmakacsabb szennyez\u0151d\u00e9seket is, mint a zs\u00edr \u00e9s farmer fest\u00e9k nyomok an\u00e9lk\u00fcl, hogy k\u00e1ros\u00edtan\u00e1 a b\u0151r. A habszivacs rudacsk\u00e1nak k\u00f6sz\u00f6nhet\u0151en k\u00fcl\u00f6n\u00f6sen egyszer\u0171 az alkalmaz\u00e1sa \u00e9s hat\u00e9kony adagol\u00e1st tesz lehet\u0151v\u00e9. Alkalmas minden sima b\u0151r sz\u00e1m\u00e1ra, perfor\u00e1lt b\u0151r fel\u00fcletek \u00e9s \u00fcl\u00e9sf\u0171t\u00e9ssel ell\u00e1tott \u00fcl\u00e9sekre is. Ne haszn\u00e1lja anilin, nubuk vagy vel\u00far b\u0151r\u00f6n. Miut\u00e1n megt\u00f6rt\u00e9nt a tiszt\u00edt\u00e1s a SONAX Pr\u00e9mium Class B\u0151rtiszt\u00edt\u00f3 Kr\u00e9mmel, a <a href=\"http:\/\/szereczauto.hu\/webshop\/termek\/sonax-premiumclass-borapolo-250ml-282141\/\" target=\"_blank\" rel=\"noopener noreferrer\"><span style=\"color: #3366ff;\">SONAX PremiumClass B\u0151r\u00e1pol\u00f3 kr\u00e9m<\/span><\/a> haszn\u00e1lat\u00e1t javasoljuk a v\u00e9delem fenntart\u00e1s\u00e1ra \u00e9s a kezelt fel\u00fcletet lez\u00e1r\u00e1s\u00e1ra.<\/p>\n","protected":false},"excerpt":{"rendered":"<p>Fogy.\u00e1r: 39 960,-forint\/liter<\/p>\n","protected":false},"featured_media":17533,"comment_status":"open","ping_status":"closed","template":"","meta":{"_et_pb_use_builder":"","_et_pb_old_content":"","_et_gb_content_width":"","wp_popup_display_lightbox":0,"wp_popup_suppress":"","wp_popup_trigger":"","wp_popup_trigger_amount":0,"wp_popup_disable_on_mobile":false},"product_brand":[],"product_cat":[46,134],"product_tag":[],"class_list":{"0":"post-17532","1":"product","2":"type-product","3":"status-publish","4":"has-post-thumbnail","6":"product_cat-autoapolas","7":"product_cat-belso-tisztitas-apolas","9":"first","10":"instock","11":"shipping-taxable","12":"purchasable","13":"product-type-simple"},"yoast_head":"<!-- This site is optimized with the Yoast SEO plugin v27.5 - https:\/\/yoast.com\/product\/yoast-seo-wordpress\/ -->\n<title>Sonax Pr\u00e9mium Class B\u0151rtiszt\u00edt\u00f3 kr\u00e9m 250 ml. &#187; Szerecz Aut\u00f3alkatr\u00e9sz Web\u00e1ruh\u00e1z<\/title>\n<meta name=\"robots\" content=\"index, follow, max-snippet:-1, max-image-preview:large, max-video-preview:-1\" \/>\n<link rel=\"canonical\" href=\"https:\/\/szereczauto.hu\/webshop\/termek\/sonax-premium-class-boratisztito-krem-250-ml-281141\/\" \/>\n<meta property=\"og:locale\" content=\"hu_HU\" \/>\n<meta property=\"og:type\" content=\"article\" \/>\n<meta property=\"og:title\" content=\"Sonax Pr\u00e9mium Class B\u0151rtiszt\u00edt\u00f3 kr\u00e9m 250 ml. &#187; Szerecz Aut\u00f3alkatr\u00e9sz Web\u00e1ruh\u00e1z\" \/>\n<meta property=\"og:description\" content=\"Fogy.\u00e1r: 39 960,-forint\/liter\" \/>\n<meta property=\"og:url\" content=\"https:\/\/szereczauto.hu\/webshop\/termek\/sonax-premium-class-boratisztito-krem-250-ml-281141\/\" \/>\n<meta property=\"og:site_name\" content=\"Szerecz Aut\u00f3alkatr\u00e9sz Web\u00e1ruh\u00e1z\" \/>\n<meta property=\"article:publisher\" content=\"https:\/\/www.facebook.com\/szereczauto\/\" \/>\n<meta property=\"article:modified_time\" content=\"2023-04-21T12:28:34+00:00\" \/>\n<meta property=\"og:image\" content=\"https:\/\/szereczauto.hu\/webshop\/wp-content\/uploads\/2018\/04\/281141-sonax.jpg\" \/>\n\t<meta property=\"og:image:width\" content=\"800\" \/>\n\t<meta property=\"og:image:height\" content=\"800\" \/>\n\t<meta property=\"og:image:type\" content=\"image\/jpeg\" \/>\n<script type=\"application\/ld+json\" class=\"yoast-schema-graph\">{\"@context\":\"https:\\\/\\\/schema.org\",\"@graph\":[{\"@type\":\"WebPage\",\"@id\":\"https:\\\/\\\/szereczauto.hu\\\/webshop\\\/termek\\\/sonax-premium-class-boratisztito-krem-250-ml-281141\\\/\",\"url\":\"https:\\\/\\\/szereczauto.hu\\\/webshop\\\/termek\\\/sonax-premium-class-boratisztito-krem-250-ml-281141\\\/\",\"name\":\"Sonax Pr\u00e9mium Class B\u0151rtiszt\u00edt\u00f3 kr\u00e9m 250 ml. &#187; Szerecz Aut\u00f3alkatr\u00e9sz Web\u00e1ruh\u00e1z\",\"isPartOf\":{\"@id\":\"https:\\\/\\\/szereczauto.hu\\\/webshop\\\/#website\"},\"primaryImageOfPage\":{\"@id\":\"https:\\\/\\\/szereczauto.hu\\\/webshop\\\/termek\\\/sonax-premium-class-boratisztito-krem-250-ml-281141\\\/#primaryimage\"},\"image\":{\"@id\":\"https:\\\/\\\/szereczauto.hu\\\/webshop\\\/termek\\\/sonax-premium-class-boratisztito-krem-250-ml-281141\\\/#primaryimage\"},\"thumbnailUrl\":\"https:\\\/\\\/szereczauto.hu\\\/webshop\\\/wp-content\\\/uploads\\\/2018\\\/04\\\/281141-sonax.jpg\",\"datePublished\":\"2018-04-10T11:28:20+00:00\",\"dateModified\":\"2023-04-21T12:28:34+00:00\",\"breadcrumb\":{\"@id\":\"https:\\\/\\\/szereczauto.hu\\\/webshop\\\/termek\\\/sonax-premium-class-boratisztito-krem-250-ml-281141\\\/#breadcrumb\"},\"inLanguage\":\"hu\",\"potentialAction\":[{\"@type\":\"ReadAction\",\"target\":[\"https:\\\/\\\/szereczauto.hu\\\/webshop\\\/termek\\\/sonax-premium-class-boratisztito-krem-250-ml-281141\\\/\"]}]},{\"@type\":\"ImageObject\",\"inLanguage\":\"hu\",\"@id\":\"https:\\\/\\\/szereczauto.hu\\\/webshop\\\/termek\\\/sonax-premium-class-boratisztito-krem-250-ml-281141\\\/#primaryimage\",\"url\":\"https:\\\/\\\/szereczauto.hu\\\/webshop\\\/wp-content\\\/uploads\\\/2018\\\/04\\\/281141-sonax.jpg\",\"contentUrl\":\"https:\\\/\\\/szereczauto.hu\\\/webshop\\\/wp-content\\\/uploads\\\/2018\\\/04\\\/281141-sonax.jpg\",\"width\":800,\"height\":800,\"caption\":\"Sonax Pr\u00e9mium Class B\u0151rtiszt\u00edt\u00f3 kr\u00e9m 250 ml, aut\u00f3\u00e1pol\u00e1si term\u00e9kek\"},{\"@type\":\"BreadcrumbList\",\"@id\":\"https:\\\/\\\/szereczauto.hu\\\/webshop\\\/termek\\\/sonax-premium-class-boratisztito-krem-250-ml-281141\\\/#breadcrumb\",\"itemListElement\":[{\"@type\":\"ListItem\",\"position\":1,\"name\":\"Home\",\"item\":\"https:\\\/\\\/szereczauto.hu\\\/webshop\\\/\"},{\"@type\":\"ListItem\",\"position\":2,\"name\":\"Term\u00e9keink\",\"item\":\"https:\\\/\\\/szereczauto.hu\\\/webshop\\\/shop\\\/\"},{\"@type\":\"ListItem\",\"position\":3,\"name\":\"Sonax Pr\u00e9mium Class B\u0151rtiszt\u00edt\u00f3 kr\u00e9m 250 ml.\"}]},{\"@type\":\"WebSite\",\"@id\":\"https:\\\/\\\/szereczauto.hu\\\/webshop\\\/#website\",\"url\":\"https:\\\/\\\/szereczauto.hu\\\/webshop\\\/\",\"name\":\"Szerecz Aut\u00f3alkatr\u00e9sz Web\u00e1ruh\u00e1z\",\"description\":\"Szerecz Aut\u00f3 Kft. - Thule term\u00e9kek, aut\u00f3alkatr\u00e9szek web\u00e1ruh\u00e1za\",\"publisher\":{\"@id\":\"https:\\\/\\\/szereczauto.hu\\\/webshop\\\/#organization\"},\"potentialAction\":[{\"@type\":\"SearchAction\",\"target\":{\"@type\":\"EntryPoint\",\"urlTemplate\":\"https:\\\/\\\/szereczauto.hu\\\/webshop\\\/?s={search_term_string}\"},\"query-input\":{\"@type\":\"PropertyValueSpecification\",\"valueRequired\":true,\"valueName\":\"search_term_string\"}}],\"inLanguage\":\"hu\"},{\"@type\":\"Organization\",\"@id\":\"https:\\\/\\\/szereczauto.hu\\\/webshop\\\/#organization\",\"name\":\"Szerecz Aut\u00f3alkatr\u00e9sz Web\u00e1ruh\u00e1z\",\"url\":\"https:\\\/\\\/szereczauto.hu\\\/webshop\\\/\",\"logo\":{\"@type\":\"ImageObject\",\"inLanguage\":\"hu\",\"@id\":\"https:\\\/\\\/szereczauto.hu\\\/webshop\\\/#\\\/schema\\\/logo\\\/image\\\/\",\"url\":\"https:\\\/\\\/szereczauto.hu\\\/webshop\\\/wp-content\\\/uploads\\\/2018\\\/12\\\/Szerecz_fav_2018.png\",\"contentUrl\":\"https:\\\/\\\/szereczauto.hu\\\/webshop\\\/wp-content\\\/uploads\\\/2018\\\/12\\\/Szerecz_fav_2018.png\",\"width\":512,\"height\":512,\"caption\":\"Szerecz Aut\u00f3alkatr\u00e9sz Web\u00e1ruh\u00e1z\"},\"image\":{\"@id\":\"https:\\\/\\\/szereczauto.hu\\\/webshop\\\/#\\\/schema\\\/logo\\\/image\\\/\"},\"sameAs\":[\"https:\\\/\\\/www.facebook.com\\\/szereczauto\\\/\",\"https:\\\/\\\/www.youtube.com\\\/channel\\\/UCGA5LXUmL_i2xDxT2GNNEBQ\"]}]}<\/script>\n<!-- \/ Yoast SEO plugin. -->","yoast_head_json":{"title":"Sonax Pr\u00e9mium Class B\u0151rtiszt\u00edt\u00f3 kr\u00e9m 250 ml. &#187; Szerecz Aut\u00f3alkatr\u00e9sz Web\u00e1ruh\u00e1z","robots":{"index":"index","follow":"follow","max-snippet":"max-snippet:-1","max-image-preview":"max-image-preview:large","max-video-preview":"max-video-preview:-1"},"canonical":"https:\/\/szereczauto.hu\/webshop\/termek\/sonax-premium-class-boratisztito-krem-250-ml-281141\/","og_locale":"hu_HU","og_type":"article","og_title":"Sonax Pr\u00e9mium Class B\u0151rtiszt\u00edt\u00f3 kr\u00e9m 250 ml. &#187; Szerecz Aut\u00f3alkatr\u00e9sz Web\u00e1ruh\u00e1z","og_description":"Fogy.\u00e1r: 39 960,-forint\/liter","og_url":"https:\/\/szereczauto.hu\/webshop\/termek\/sonax-premium-class-boratisztito-krem-250-ml-281141\/","og_site_name":"Szerecz Aut\u00f3alkatr\u00e9sz Web\u00e1ruh\u00e1z","article_publisher":"https:\/\/www.facebook.com\/szereczauto\/","article_modified_time":"2023-04-21T12:28:34+00:00","og_image":[{"width":800,"height":800,"url":"https:\/\/szereczauto.hu\/webshop\/wp-content\/uploads\/2018\/04\/281141-sonax.jpg","type":"image\/jpeg"}],"schema":{"@context":"https:\/\/schema.org","@graph":[{"@type":"WebPage","@id":"https:\/\/szereczauto.hu\/webshop\/termek\/sonax-premium-class-boratisztito-krem-250-ml-281141\/","url":"https:\/\/szereczauto.hu\/webshop\/termek\/sonax-premium-class-boratisztito-krem-250-ml-281141\/","name":"Sonax Pr\u00e9mium Class B\u0151rtiszt\u00edt\u00f3 kr\u00e9m 250 ml. &#187; Szerecz Aut\u00f3alkatr\u00e9sz Web\u00e1ruh\u00e1z","isPartOf":{"@id":"https:\/\/szereczauto.hu\/webshop\/#website"},"primaryImageOfPage":{"@id":"https:\/\/szereczauto.hu\/webshop\/termek\/sonax-premium-class-boratisztito-krem-250-ml-281141\/#primaryimage"},"image":{"@id":"https:\/\/szereczauto.hu\/webshop\/termek\/sonax-premium-class-boratisztito-krem-250-ml-281141\/#primaryimage"},"thumbnailUrl":"https:\/\/szereczauto.hu\/webshop\/wp-content\/uploads\/2018\/04\/281141-sonax.jpg","datePublished":"2018-04-10T11:28:20+00:00","dateModified":"2023-04-21T12:28:34+00:00","breadcrumb":{"@id":"https:\/\/szereczauto.hu\/webshop\/termek\/sonax-premium-class-boratisztito-krem-250-ml-281141\/#breadcrumb"},"inLanguage":"hu","potentialAction":[{"@type":"ReadAction","target":["https:\/\/szereczauto.hu\/webshop\/termek\/sonax-premium-class-boratisztito-krem-250-ml-281141\/"]}]},{"@type":"ImageObject","inLanguage":"hu","@id":"https:\/\/szereczauto.hu\/webshop\/termek\/sonax-premium-class-boratisztito-krem-250-ml-281141\/#primaryimage","url":"https:\/\/szereczauto.hu\/webshop\/wp-content\/uploads\/2018\/04\/281141-sonax.jpg","contentUrl":"https:\/\/szereczauto.hu\/webshop\/wp-content\/uploads\/2018\/04\/281141-sonax.jpg","width":800,"height":800,"caption":"Sonax Pr\u00e9mium Class B\u0151rtiszt\u00edt\u00f3 kr\u00e9m 250 ml, aut\u00f3\u00e1pol\u00e1si term\u00e9kek"},{"@type":"BreadcrumbList","@id":"https:\/\/szereczauto.hu\/webshop\/termek\/sonax-premium-class-boratisztito-krem-250-ml-281141\/#breadcrumb","itemListElement":[{"@type":"ListItem","position":1,"name":"Home","item":"https:\/\/szereczauto.hu\/webshop\/"},{"@type":"ListItem","position":2,"name":"Term\u00e9keink","item":"https:\/\/szereczauto.hu\/webshop\/shop\/"},{"@type":"ListItem","position":3,"name":"Sonax Pr\u00e9mium Class B\u0151rtiszt\u00edt\u00f3 kr\u00e9m 250 ml."}]},{"@type":"WebSite","@id":"https:\/\/szereczauto.hu\/webshop\/#website","url":"https:\/\/szereczauto.hu\/webshop\/","name":"Szerecz Aut\u00f3alkatr\u00e9sz Web\u00e1ruh\u00e1z","description":"Szerecz Aut\u00f3 Kft. - Thule term\u00e9kek, aut\u00f3alkatr\u00e9szek web\u00e1ruh\u00e1za","publisher":{"@id":"https:\/\/szereczauto.hu\/webshop\/#organization"},"potentialAction":[{"@type":"SearchAction","target":{"@type":"EntryPoint","urlTemplate":"https:\/\/szereczauto.hu\/webshop\/?s={search_term_string}"},"query-input":{"@type":"PropertyValueSpecification","valueRequired":true,"valueName":"search_term_string"}}],"inLanguage":"hu"},{"@type":"Organization","@id":"https:\/\/szereczauto.hu\/webshop\/#organization","name":"Szerecz Aut\u00f3alkatr\u00e9sz Web\u00e1ruh\u00e1z","url":"https:\/\/szereczauto.hu\/webshop\/","logo":{"@type":"ImageObject","inLanguage":"hu","@id":"https:\/\/szereczauto.hu\/webshop\/#\/schema\/logo\/image\/","url":"https:\/\/szereczauto.hu\/webshop\/wp-content\/uploads\/2018\/12\/Szerecz_fav_2018.png","contentUrl":"https:\/\/szereczauto.hu\/webshop\/wp-content\/uploads\/2018\/12\/Szerecz_fav_2018.png","width":512,"height":512,"caption":"Szerecz Aut\u00f3alkatr\u00e9sz Web\u00e1ruh\u00e1z"},"image":{"@id":"https:\/\/szereczauto.hu\/webshop\/#\/schema\/logo\/image\/"},"sameAs":["https:\/\/www.facebook.com\/szereczauto\/","https:\/\/www.youtube.com\/channel\/UCGA5LXUmL_i2xDxT2GNNEBQ"]}]}},"_links":{"self":[{"href":"https:\/\/szereczauto.hu\/webshop\/wp-json\/wp\/v2\/product\/17532","targetHints":{"allow":["GET"]}}],"collection":[{"href":"https:\/\/szereczauto.hu\/webshop\/wp-json\/wp\/v2\/product"}],"about":[{"href":"https:\/\/szereczauto.hu\/webshop\/wp-json\/wp\/v2\/types\/product"}],"replies":[{"embeddable":true,"href":"https:\/\/szereczauto.hu\/webshop\/wp-json\/wp\/v2\/comments?post=17532"}],"wp:featuredmedia":[{"embeddable":true,"href":"https:\/\/szereczauto.hu\/webshop\/wp-json\/wp\/v2\/media\/17533"}],"wp:attachment":[{"href":"https:\/\/szereczauto.hu\/webshop\/wp-json\/wp\/v2\/media?parent=17532"}],"wp:term":[{"taxonomy":"product_brand","embeddable":true,"href":"https:\/\/szereczauto.hu\/webshop\/wp-json\/wp\/v2\/product_brand?post=17532"},{"taxonomy":"product_cat","embeddable":true,"href":"https:\/\/szereczauto.hu\/webshop\/wp-json\/wp\/v2\/product_cat?post=17532"},{"taxonomy":"product_tag","embeddable":true,"href":"https:\/\/szereczauto.hu\/webshop\/wp-json\/wp\/v2\/product_tag?post=17532"}],"curies":[{"name":"wp","href":"https:\/\/api.w.org\/{rel}","templated":true}]}}