{"id":2455,"date":"2015-10-19T14:38:41","date_gmt":"2015-10-19T14:38:41","guid":{"rendered":"http:\/\/szereczauto.hu\/webshop\/?page_id=2455"},"modified":"2015-12-13T17:54:50","modified_gmt":"2015-12-13T17:54:50","slug":"dacia","status":"publish","type":"page","link":"https:\/\/szereczauto.hu\/webshop\/valasszon-automarkat\/dacia\/","title":{"rendered":"Dacia"},"content":{"rendered":"<!-- Search Filter: 8-->\r\n<div class=\"sf-wrapper\">\r\n\t<style>\r\n\t\t\tul.sf-result > li{\r\n\t\tmargin: 2% 0;\r\n\t\tmargin-right: 2%;\r\n\t\tfloat: left; \r\n\t\twidth: 23.5%;\r\n\t}\r\n\r\n\tul.sf-result > li:nth-child(4n){\r\n\t\tmargin-right: 0;\r\n\t}\r\n\r\n\t\r\n\tul.sf-result > li:nth-child(4n+1){\r\n\t\tclear: both;\r\n\t}\r\n\t\t\t\t.sf-result li{\r\n\t\tborder: 1px solid #cacaca;\r\n\t}\r\n\t\t\t.sf-result li{\r\n\t\tbackground: #f0f0f0;\r\n\t}\r\n\t\r\n\tul.sf-nav > li > span.sf-nav-click{\r\n\t\tbackground: #f0f0f0;\r\n\t}\r\n\t\t\t\r\n\t\r\n\tul.sf-result > li.sf-noresult{\r\n\t\tfloat: none;\r\n\t\twidth: 100%;\r\n\t\tmargin: 0;\r\n\t}\r\n\t\r\n\t\t<\/style>\r\n\t<script>\r\n\t\tvar sf_columns = 4;\r\n\t<\/script>\r\n\t<div class=\"sf-filter\">\r\n\t\t\t\t\t\t<input type=\"hidden\" name=\"search-id\" value=\"8\" \/>\r\n\t\t\t\t<fieldset data-id=\"1\" data-condkey=\"-1\" data-condval=\"\" class=\"sf-element select\">\r\n\t\t\t<legend>V\u00e1lasszon aut\u00f3t\u00edpust!<\/legend>\t\r\n\t\t\t\t\t<select id=\"sf-field-1\" name=\"1\"><option><\/option>\t\t\t\t\t<option value=\"Logan MCV  3-ajt\u00f3s Furgon 2007- Tet\u0151korl\u00e1tos tet\u0151vel\">Logan MCV  3-ajt\u00f3s Furgon 2007- Tet\u0151korl\u00e1tos tet\u0151vel<\/option>\t\t\t\t\t\r\n\t\t\t\t\t\t\t\t\t\t<option value=\"Logan MCV  5-ajt\u00f3s Kombi 2008-2012 Tet\u0151korl\u00e1tos tet\u0151vel\">Logan MCV  5-ajt\u00f3s Kombi 2008-2012 Tet\u0151korl\u00e1tos tet\u0151vel<\/option>\t\t\t\t\t\r\n\t\t\t\t\t\t\t\t\t\t<option value=\"Logan MCV 5-ajt\u00f3s Kombi 2013- Tet\u0151korl\u00e1tos tet\u0151vel\">Logan MCV 5-ajt\u00f3s Kombi 2013- Tet\u0151korl\u00e1tos tet\u0151vel<\/option>\t\t\t\t\t\r\n\t\t\t\t\t\t\t\t\t\t<option value=\"Sandero Stepway 5-ajt\u00f3s SUV 2009-2012 Tet\u0151korl\u00e1tos tet\u0151vel\">Sandero Stepway 5-ajt\u00f3s SUV 2009-2012 Tet\u0151korl\u00e1tos tet\u0151vel<\/option>\t\t\t\t\t\r\n\t\t\t\t\t\t\t\t\t\t<option value=\"Sandero Stepway 5-ajt\u00f3s SUV 2013-t\u00f3l Tet\u0151korl\u00e1ttal\">Sandero Stepway 5-ajt\u00f3s SUV 2013-t\u00f3l Tet\u0151korl\u00e1ttal<\/option>\t\t\t\t\t\r\n\t\t\t\t\t<\/select>\t\t<\/fieldset>\r\n\t\t\t<\/div>\r\n\t\t\t\t\t\t\r\n\t<div class=\"sf-result-head\">\r\n\t\t\t\r\n\t<\/div>\r\n\t\r\n\t<ul class=\"sf-result\">\r\n\t\t\t<\/ul>\t\r\n\t\t<ul class=\"sf-nav\">\r\n\t\t\t\r\n\t<\/ul>\t\r\n\t<\/div>\r\n\r\n\t\t\t\t\r\n\t\n","protected":false},"excerpt":{"rendered":"","protected":false},"author":1,"featured_media":0,"parent":2382,"menu_order":6,"comment_status":"closed","ping_status":"closed","template":"page-fullwidth.php","meta":{"_et_pb_use_builder":"","_et_pb_old_content":"","_et_gb_content_width":"","wp_popup_display_lightbox":0,"wp_popup_suppress":"","wp_popup_trigger":"","wp_popup_trigger_amount":0,"wp_popup_disable_on_mobile":false,"footnotes":""},"class_list":["post-2455","page","type-page","status-publish","hentry"],"yoast_head":"<!-- This site is optimized with the Yoast SEO plugin v27.5 - https:\/\/yoast.com\/product\/yoast-seo-wordpress\/ -->\n<title>Dacia &#187; Szerecz Aut\u00f3alkatr\u00e9sz Web\u00e1ruh\u00e1z<\/title>\n<meta name=\"robots\" content=\"index, follow, max-snippet:-1, max-image-preview:large, max-video-preview:-1\" \/>\n<link rel=\"canonical\" href=\"https:\/\/szereczauto.hu\/webshop\/valasszon-automarkat\/dacia\/\" \/>\n<meta property=\"og:locale\" content=\"hu_HU\" \/>\n<meta property=\"og:type\" content=\"article\" \/>\n<meta property=\"og:title\" content=\"Dacia &#187; Szerecz Aut\u00f3alkatr\u00e9sz Web\u00e1ruh\u00e1z\" \/>\n<meta property=\"og:url\" content=\"https:\/\/szereczauto.hu\/webshop\/valasszon-automarkat\/dacia\/\" \/>\n<meta property=\"og:site_name\" content=\"Szerecz Aut\u00f3alkatr\u00e9sz Web\u00e1ruh\u00e1z\" \/>\n<meta property=\"article:publisher\" content=\"https:\/\/www.facebook.com\/szereczauto\/\" \/>\n<meta property=\"article:modified_time\" content=\"2015-12-13T17:54:50+00:00\" \/>\n<script type=\"application\/ld+json\" class=\"yoast-schema-graph\">{\"@context\":\"https:\\\/\\\/schema.org\",\"@graph\":[{\"@type\":\"WebPage\",\"@id\":\"https:\\\/\\\/szereczauto.hu\\\/webshop\\\/valasszon-automarkat\\\/dacia\\\/\",\"url\":\"https:\\\/\\\/szereczauto.hu\\\/webshop\\\/valasszon-automarkat\\\/dacia\\\/\",\"name\":\"Dacia &#187; Szerecz Aut\u00f3alkatr\u00e9sz Web\u00e1ruh\u00e1z\",\"isPartOf\":{\"@id\":\"https:\\\/\\\/szereczauto.hu\\\/webshop\\\/#website\"},\"datePublished\":\"2015-10-19T14:38:41+00:00\",\"dateModified\":\"2015-12-13T17:54:50+00:00\",\"breadcrumb\":{\"@id\":\"https:\\\/\\\/szereczauto.hu\\\/webshop\\\/valasszon-automarkat\\\/dacia\\\/#breadcrumb\"},\"inLanguage\":\"hu\",\"potentialAction\":[{\"@type\":\"ReadAction\",\"target\":[\"https:\\\/\\\/szereczauto.hu\\\/webshop\\\/valasszon-automarkat\\\/dacia\\\/\"]}]},{\"@type\":\"BreadcrumbList\",\"@id\":\"https:\\\/\\\/szereczauto.hu\\\/webshop\\\/valasszon-automarkat\\\/dacia\\\/#breadcrumb\",\"itemListElement\":[{\"@type\":\"ListItem\",\"position\":1,\"name\":\"Home\",\"item\":\"https:\\\/\\\/szereczauto.hu\\\/webshop\\\/\"},{\"@type\":\"ListItem\",\"position\":2,\"name\":\"V\u00e1lasszon aut\u00f3m\u00e1rk\u00e1t!\",\"item\":\"https:\\\/\\\/szereczauto.hu\\\/webshop\\\/valasszon-automarkat\\\/\"},{\"@type\":\"ListItem\",\"position\":3,\"name\":\"Dacia\"}]},{\"@type\":\"WebSite\",\"@id\":\"https:\\\/\\\/szereczauto.hu\\\/webshop\\\/#website\",\"url\":\"https:\\\/\\\/szereczauto.hu\\\/webshop\\\/\",\"name\":\"Szerecz Aut\u00f3alkatr\u00e9sz Web\u00e1ruh\u00e1z\",\"description\":\"Szerecz Aut\u00f3 Kft. - Thule term\u00e9kek, aut\u00f3alkatr\u00e9szek web\u00e1ruh\u00e1za\",\"publisher\":{\"@id\":\"https:\\\/\\\/szereczauto.hu\\\/webshop\\\/#organization\"},\"potentialAction\":[{\"@type\":\"SearchAction\",\"target\":{\"@type\":\"EntryPoint\",\"urlTemplate\":\"https:\\\/\\\/szereczauto.hu\\\/webshop\\\/?s={search_term_string}\"},\"query-input\":{\"@type\":\"PropertyValueSpecification\",\"valueRequired\":true,\"valueName\":\"search_term_string\"}}],\"inLanguage\":\"hu\"},{\"@type\":\"Organization\",\"@id\":\"https:\\\/\\\/szereczauto.hu\\\/webshop\\\/#organization\",\"name\":\"Szerecz Aut\u00f3alkatr\u00e9sz Web\u00e1ruh\u00e1z\",\"url\":\"https:\\\/\\\/szereczauto.hu\\\/webshop\\\/\",\"logo\":{\"@type\":\"ImageObject\",\"inLanguage\":\"hu\",\"@id\":\"https:\\\/\\\/szereczauto.hu\\\/webshop\\\/#\\\/schema\\\/logo\\\/image\\\/\",\"url\":\"https:\\\/\\\/szereczauto.hu\\\/webshop\\\/wp-content\\\/uploads\\\/2018\\\/12\\\/Szerecz_fav_2018.png\",\"contentUrl\":\"https:\\\/\\\/szereczauto.hu\\\/webshop\\\/wp-content\\\/uploads\\\/2018\\\/12\\\/Szerecz_fav_2018.png\",\"width\":512,\"height\":512,\"caption\":\"Szerecz Aut\u00f3alkatr\u00e9sz Web\u00e1ruh\u00e1z\"},\"image\":{\"@id\":\"https:\\\/\\\/szereczauto.hu\\\/webshop\\\/#\\\/schema\\\/logo\\\/image\\\/\"},\"sameAs\":[\"https:\\\/\\\/www.facebook.com\\\/szereczauto\\\/\",\"https:\\\/\\\/www.youtube.com\\\/channel\\\/UCGA5LXUmL_i2xDxT2GNNEBQ\"]}]}<\/script>\n<!-- \/ Yoast SEO plugin. -->","yoast_head_json":{"title":"Dacia &#187; Szerecz Aut\u00f3alkatr\u00e9sz Web\u00e1ruh\u00e1z","robots":{"index":"index","follow":"follow","max-snippet":"max-snippet:-1","max-image-preview":"max-image-preview:large","max-video-preview":"max-video-preview:-1"},"canonical":"https:\/\/szereczauto.hu\/webshop\/valasszon-automarkat\/dacia\/","og_locale":"hu_HU","og_type":"article","og_title":"Dacia &#187; Szerecz Aut\u00f3alkatr\u00e9sz Web\u00e1ruh\u00e1z","og_url":"https:\/\/szereczauto.hu\/webshop\/valasszon-automarkat\/dacia\/","og_site_name":"Szerecz Aut\u00f3alkatr\u00e9sz Web\u00e1ruh\u00e1z","article_publisher":"https:\/\/www.facebook.com\/szereczauto\/","article_modified_time":"2015-12-13T17:54:50+00:00","schema":{"@context":"https:\/\/schema.org","@graph":[{"@type":"WebPage","@id":"https:\/\/szereczauto.hu\/webshop\/valasszon-automarkat\/dacia\/","url":"https:\/\/szereczauto.hu\/webshop\/valasszon-automarkat\/dacia\/","name":"Dacia &#187; Szerecz Aut\u00f3alkatr\u00e9sz Web\u00e1ruh\u00e1z","isPartOf":{"@id":"https:\/\/szereczauto.hu\/webshop\/#website"},"datePublished":"2015-10-19T14:38:41+00:00","dateModified":"2015-12-13T17:54:50+00:00","breadcrumb":{"@id":"https:\/\/szereczauto.hu\/webshop\/valasszon-automarkat\/dacia\/#breadcrumb"},"inLanguage":"hu","potentialAction":[{"@type":"ReadAction","target":["https:\/\/szereczauto.hu\/webshop\/valasszon-automarkat\/dacia\/"]}]},{"@type":"BreadcrumbList","@id":"https:\/\/szereczauto.hu\/webshop\/valasszon-automarkat\/dacia\/#breadcrumb","itemListElement":[{"@type":"ListItem","position":1,"name":"Home","item":"https:\/\/szereczauto.hu\/webshop\/"},{"@type":"ListItem","position":2,"name":"V\u00e1lasszon aut\u00f3m\u00e1rk\u00e1t!","item":"https:\/\/szereczauto.hu\/webshop\/valasszon-automarkat\/"},{"@type":"ListItem","position":3,"name":"Dacia"}]},{"@type":"WebSite","@id":"https:\/\/szereczauto.hu\/webshop\/#website","url":"https:\/\/szereczauto.hu\/webshop\/","name":"Szerecz Aut\u00f3alkatr\u00e9sz Web\u00e1ruh\u00e1z","description":"Szerecz Aut\u00f3 Kft. - Thule term\u00e9kek, aut\u00f3alkatr\u00e9szek web\u00e1ruh\u00e1za","publisher":{"@id":"https:\/\/szereczauto.hu\/webshop\/#organization"},"potentialAction":[{"@type":"SearchAction","target":{"@type":"EntryPoint","urlTemplate":"https:\/\/szereczauto.hu\/webshop\/?s={search_term_string}"},"query-input":{"@type":"PropertyValueSpecification","valueRequired":true,"valueName":"search_term_string"}}],"inLanguage":"hu"},{"@type":"Organization","@id":"https:\/\/szereczauto.hu\/webshop\/#organization","name":"Szerecz Aut\u00f3alkatr\u00e9sz Web\u00e1ruh\u00e1z","url":"https:\/\/szereczauto.hu\/webshop\/","logo":{"@type":"ImageObject","inLanguage":"hu","@id":"https:\/\/szereczauto.hu\/webshop\/#\/schema\/logo\/image\/","url":"https:\/\/szereczauto.hu\/webshop\/wp-content\/uploads\/2018\/12\/Szerecz_fav_2018.png","contentUrl":"https:\/\/szereczauto.hu\/webshop\/wp-content\/uploads\/2018\/12\/Szerecz_fav_2018.png","width":512,"height":512,"caption":"Szerecz Aut\u00f3alkatr\u00e9sz Web\u00e1ruh\u00e1z"},"image":{"@id":"https:\/\/szereczauto.hu\/webshop\/#\/schema\/logo\/image\/"},"sameAs":["https:\/\/www.facebook.com\/szereczauto\/","https:\/\/www.youtube.com\/channel\/UCGA5LXUmL_i2xDxT2GNNEBQ"]}]}},"_links":{"self":[{"href":"https:\/\/szereczauto.hu\/webshop\/wp-json\/wp\/v2\/pages\/2455","targetHints":{"allow":["GET"]}}],"collection":[{"href":"https:\/\/szereczauto.hu\/webshop\/wp-json\/wp\/v2\/pages"}],"about":[{"href":"https:\/\/szereczauto.hu\/webshop\/wp-json\/wp\/v2\/types\/page"}],"author":[{"embeddable":true,"href":"https:\/\/szereczauto.hu\/webshop\/wp-json\/wp\/v2\/users\/1"}],"replies":[{"embeddable":true,"href":"https:\/\/szereczauto.hu\/webshop\/wp-json\/wp\/v2\/comments?post=2455"}],"version-history":[{"count":0,"href":"https:\/\/szereczauto.hu\/webshop\/wp-json\/wp\/v2\/pages\/2455\/revisions"}],"up":[{"embeddable":true,"href":"https:\/\/szereczauto.hu\/webshop\/wp-json\/wp\/v2\/pages\/2382"}],"wp:attachment":[{"href":"https:\/\/szereczauto.hu\/webshop\/wp-json\/wp\/v2\/media?parent=2455"}],"curies":[{"name":"wp","href":"https:\/\/api.w.org\/{rel}","templated":true}]}}

<!-- Search Filter: 8-->
<div class="sf-wrapper">
	<style>
			ul.sf-result > li{
		margin: 2% 0;
		margin-right: 2%;
		float: left; 
		width: 23.5%;
	}

	ul.sf-result > li:nth-child(4n){
		margin-right: 0;
	}

	
	ul.sf-result > li:nth-child(4n+1){
		clear: both;
	}
				.sf-result li{
		border: 1px solid #cacaca;
	}
			.sf-result li{
		background: #f0f0f0;
	}
	
	ul.sf-nav > li > span.sf-nav-click{
		background: #f0f0f0;
	}
			
	
	ul.sf-result > li.sf-noresult{
		float: none;
		width: 100%;
		margin: 0;
	}
	
		</style>
	<script>
		var sf_columns = 4;
	</script>
	<div class="sf-filter">
						<input type="hidden" name="search-id" value="8" />
				<fieldset data-id="1" data-condkey="-1" data-condval="" class="sf-element select">
			<legend>Válasszon autótípust!</legend>	
					<select id="sf-field-1" name="1"><option></option>					<option value="Logan MCV  3-ajtós Furgon 2007- Tetőkorlátos tetővel">Logan MCV  3-ajtós Furgon 2007- Tetőkorlátos tetővel</option>					
										<option value="Logan MCV  5-ajtós Kombi 2008-2012 Tetőkorlátos tetővel">Logan MCV  5-ajtós Kombi 2008-2012 Tetőkorlátos tetővel</option>					
										<option value="Logan MCV 5-ajtós Kombi 2013- Tetőkorlátos tetővel">Logan MCV 5-ajtós Kombi 2013- Tetőkorlátos tetővel</option>					
										<option value="Sandero Stepway 5-ajtós SUV 2009-2012 Tetőkorlátos tetővel">Sandero Stepway 5-ajtós SUV 2009-2012 Tetőkorlátos tetővel</option>					
										<option value="Sandero Stepway 5-ajtós SUV 2013-tól Tetőkorláttal">Sandero Stepway 5-ajtós SUV 2013-tól Tetőkorláttal</option>					
					</select>		</fieldset>
			</div>
						
	<div class="sf-result-head">
			
	</div>
	
	<ul class="sf-result">
			</ul>	
		<ul class="sf-nav">
			
	</ul>	
	</div>

<!-- This site is optimized with the Yoast SEO plugin v27.5 - https://yoast.com/product/yoast-seo-wordpress/ -->
<title>Dacia &#187; Szerecz Autóalkatrész Webáruház</title>
<meta name="robots" content="index, follow, max-snippet:-1, max-image-preview:large, max-video-preview:-1" />
<link rel="canonical" href="https://szereczauto.hu/webshop/valasszon-automarkat/dacia/" />
<meta property="og:locale" content="hu_HU" />
<meta property="og:type" content="article" />
<meta property="og:title" content="Dacia &#187; Szerecz Autóalkatrész Webáruház" />
<meta property="og:url" content="https://szereczauto.hu/webshop/valasszon-automarkat/dacia/" />
<meta property="og:site_name" content="Szerecz Autóalkatrész Webáruház" />
<meta property="article:publisher" content="https://www.facebook.com/szereczauto/" />
<meta property="article:modified_time" content="2015-12-13T17:54:50+00:00" />
<script type="application/ld+json" class="yoast-schema-graph">{"@context":"https:\/\/schema.org","@graph":[{"@type":"WebPage","@id":"https:\/\/szereczauto.hu\/webshop\/valasszon-automarkat\/dacia\/","url":"https:\/\/szereczauto.hu\/webshop\/valasszon-automarkat\/dacia\/","name":"Dacia &#187; Szerecz Autóalkatrész Webáruház","isPartOf":{"@id":"https:\/\/szereczauto.hu\/webshop\/#website"},"datePublished":"2015-10-19T14:38:41+00:00","dateModified":"2015-12-13T17:54:50+00:00","breadcrumb":{"@id":"https:\/\/szereczauto.hu\/webshop\/valasszon-automarkat\/dacia\/#breadcrumb"},"inLanguage":"hu","potentialAction":[{"@type":"ReadAction","target":["https:\/\/szereczauto.hu\/webshop\/valasszon-automarkat\/dacia\/"]}]},{"@type":"BreadcrumbList","@id":"https:\/\/szereczauto.hu\/webshop\/valasszon-automarkat\/dacia\/#breadcrumb","itemListElement":[{"@type":"ListItem","position":1,"name":"Home","item":"https:\/\/szereczauto.hu\/webshop\/"},{"@type":"ListItem","position":2,"name":"Válasszon autómárkát!","item":"https:\/\/szereczauto.hu\/webshop\/valasszon-automarkat\/"},{"@type":"ListItem","position":3,"name":"Dacia"}]},{"@type":"WebSite","@id":"https:\/\/szereczauto.hu\/webshop\/#website","url":"https:\/\/szereczauto.hu\/webshop\/","name":"Szerecz Autóalkatrész Webáruház","description":"Szerecz Autó Kft. - Thule termékek, autóalkatrészek webáruháza","publisher":{"@id":"https:\/\/szereczauto.hu\/webshop\/#organization"},"potentialAction":[{"@type":"SearchAction","target":{"@type":"EntryPoint","urlTemplate":"https:\/\/szereczauto.hu\/webshop\/?s={search_term_string}"},"query-input":{"@type":"PropertyValueSpecification","valueRequired":true,"valueName":"search_term_string"}}],"inLanguage":"hu"},{"@type":"Organization","@id":"https:\/\/szereczauto.hu\/webshop\/#organization","name":"Szerecz Autóalkatrész Webáruház","url":"https:\/\/szereczauto.hu\/webshop\/","logo":{"@type":"ImageObject","inLanguage":"hu","@id":"https:\/\/szereczauto.hu\/webshop\/#\/schema\/logo\/image\/","url":"https:\/\/szereczauto.hu\/webshop\/wp-content\/uploads\/2018\/12\/Szerecz_fav_2018.png","contentUrl":"https:\/\/szereczauto.hu\/webshop\/wp-content\/uploads\/2018\/12\/Szerecz_fav_2018.png","width":512,"height":512,"caption":"Szerecz Autóalkatrész Webáruház"},"image":{"@id":"https:\/\/szereczauto.hu\/webshop\/#\/schema\/logo\/image\/"},"sameAs":["https:\/\/www.facebook.com\/szereczauto\/","https:\/\/www.youtube.com\/channel\/UCGA5LXUmL_i2xDxT2GNNEBQ"]}]}</script>
<!-- / Yoast SEO plugin. -->

Dacia &#187; Szerecz Autóalkatrész Webáruház

Szerecz Autóalkatrész Webáruház

Válasszon autómárkát!

Szerecz Autó Kft. - Thule termékek, autóalkatrészek webáruháza
