{"id":1855,"date":"2015-07-09T16:40:20","date_gmt":"2015-07-09T16:40:20","guid":{"rendered":"http:\/\/szereczauto.hu\/webshop\/?page_id=1855"},"modified":"2019-05-29T10:51:00","modified_gmt":"2019-05-29T10:51:00","slug":"impresszum","status":"publish","type":"page","link":"https:\/\/szereczauto.hu\/webshop\/impresszum\/","title":{"rendered":"Impresszum"},"content":{"rendered":"<p><strong>\u00dczemeltet\u0151: <\/strong><\/p>\n<p>C\u00e9gn\u00e9v: Szerecz Aut\u00f3 Kft.<br \/>\nSz\u00e9khely: 7400 Kaposv\u00e1r, V\u00e1s\u00e1rt\u00e9r u. 4.<\/p>\n<p>C\u00e9gjegyz\u00e9ksz\u00e1m: 14-09-305761<br \/>\nAd\u00f3sz\u00e1m: 13206354-2-14<br \/>\nC\u00e9get bejegyz\u0151 c\u00e9gb\u00edr\u00f3s\u00e1g: Kaposv\u00e1ri T\u00f6rv\u00e9nysz\u00e9k C\u00e9gbir\u00f3s\u00e1ga<br \/>\n7400 Kaposv\u00e1r, 48-as Ifjus\u00e1g \u00fatja 5. <\/p>\n<p>Telefon\/Fax: 06-82\/411-401, 06-82\/411-403, 06-82\/422-048<br \/>\nE-mail: szereczauto@szereczauto.hu<\/p>\n<p><strong>A weboldal t\u00e1rhelyszolg\u00e1ltat\u00f3ja:<\/strong><\/p>\n<p>Sybell Informatika Korl\u00e1tolt Felel\u0151ss\u00e9g\u0171 T\u00e1rsas\u00e1g<br \/>\nAd\u00f3sz\u00e1m: 25859502242<br \/>\nC\u00e9gjegyz\u00e9ksz\u00e1m: 01 09 293034<\/p>\n<p>C\u00edm: 1158 Budapest, K\u00e9sm\u00e1rk u. 7\/b 2. em. 206.<br \/>\nTelefon: +36 1 707 6726<br \/>\nE-mail: info@sybell.hu<\/p>\n<p>Adatv\u00e9delmi t\u00e1j\u00e9koztat\u00f3: https:\/\/sybell.hu\/adatvedelmi-tajekoztato\/<\/p>\n","protected":false},"excerpt":{"rendered":"<p>\u00dczemeltet\u0151: C\u00e9gn\u00e9v: Szerecz Aut\u00f3 Kft. Sz\u00e9khely: 7400 Kaposv\u00e1r, V\u00e1s\u00e1rt\u00e9r u. 4. C\u00e9gjegyz\u00e9ksz\u00e1m: 14-09-305761 Ad\u00f3sz\u00e1m: 13206354-2-14 C\u00e9get bejegyz\u0151 c\u00e9gb\u00edr\u00f3s\u00e1g: Kaposv\u00e1ri T\u00f6rv\u00e9nysz\u00e9k C\u00e9gbir\u00f3s\u00e1ga 7400 Kaposv\u00e1r, 48-as Ifjus\u00e1g \u00fatja 5. Telefon\/Fax: 06-82\/411-401, 06-82\/411-403, 06-82\/422-048 E-mail: szereczauto@szereczauto.hu A weboldal t\u00e1rhelyszolg\u00e1ltat\u00f3ja: Sybell Informatika Korl\u00e1tolt Felel\u0151ss\u00e9g\u0171 T\u00e1rsas\u00e1g Ad\u00f3sz\u00e1m: 25859502242 C\u00e9gjegyz\u00e9ksz\u00e1m: 01 09 293034 C\u00edm: 1158 Budapest, K\u00e9sm\u00e1rk u. 7\/b 2. em. [&hellip;]<\/p>\n","protected":false},"author":1,"featured_media":0,"parent":0,"menu_order":0,"comment_status":"closed","ping_status":"closed","template":"","meta":{"_et_pb_use_builder":"","_et_pb_old_content":"","_et_gb_content_width":"","wp_popup_display_lightbox":0,"wp_popup_suppress":"","wp_popup_trigger":"","wp_popup_trigger_amount":0,"wp_popup_disable_on_mobile":false,"footnotes":""},"class_list":["post-1855","page","type-page","status-publish","hentry"],"yoast_head":"<!-- This site is optimized with the Yoast SEO plugin v27.4 - https:\/\/yoast.com\/product\/yoast-seo-wordpress\/ -->\n<title>Impresszum &#187; Szerecz Aut\u00f3alkatr\u00e9sz Web\u00e1ruh\u00e1z<\/title>\n<meta name=\"robots\" content=\"index, follow, max-snippet:-1, max-image-preview:large, max-video-preview:-1\" \/>\n<link rel=\"canonical\" href=\"https:\/\/szereczauto.hu\/webshop\/impresszum\/\" \/>\n<meta property=\"og:locale\" content=\"hu_HU\" \/>\n<meta property=\"og:type\" content=\"article\" \/>\n<meta property=\"og:title\" content=\"Impresszum &#187; Szerecz Aut\u00f3alkatr\u00e9sz Web\u00e1ruh\u00e1z\" \/>\n<meta property=\"og:description\" content=\"\u00dczemeltet\u0151: C\u00e9gn\u00e9v: Szerecz Aut\u00f3 Kft. Sz\u00e9khely: 7400 Kaposv\u00e1r, V\u00e1s\u00e1rt\u00e9r u. 4. C\u00e9gjegyz\u00e9ksz\u00e1m: 14-09-305761 Ad\u00f3sz\u00e1m: 13206354-2-14 C\u00e9get bejegyz\u0151 c\u00e9gb\u00edr\u00f3s\u00e1g: Kaposv\u00e1ri T\u00f6rv\u00e9nysz\u00e9k C\u00e9gbir\u00f3s\u00e1ga 7400 Kaposv\u00e1r, 48-as Ifjus\u00e1g \u00fatja 5. Telefon\/Fax: 06-82\/411-401, 06-82\/411-403, 06-82\/422-048 E-mail: szereczauto@szereczauto.hu A weboldal t\u00e1rhelyszolg\u00e1ltat\u00f3ja: Sybell Informatika Korl\u00e1tolt Felel\u0151ss\u00e9g\u0171 T\u00e1rsas\u00e1g Ad\u00f3sz\u00e1m: 25859502242 C\u00e9gjegyz\u00e9ksz\u00e1m: 01 09 293034 C\u00edm: 1158 Budapest, K\u00e9sm\u00e1rk u. 7\/b 2. em. [&hellip;]\" \/>\n<meta property=\"og:url\" content=\"https:\/\/szereczauto.hu\/webshop\/impresszum\/\" \/>\n<meta property=\"og:site_name\" content=\"Szerecz Aut\u00f3alkatr\u00e9sz Web\u00e1ruh\u00e1z\" \/>\n<meta property=\"article:publisher\" content=\"https:\/\/www.facebook.com\/szereczauto\/\" \/>\n<meta property=\"article:modified_time\" content=\"2019-05-29T10:51:00+00:00\" \/>\n<script type=\"application\/ld+json\" class=\"yoast-schema-graph\">{\"@context\":\"https:\\\/\\\/schema.org\",\"@graph\":[{\"@type\":\"WebPage\",\"@id\":\"https:\\\/\\\/szereczauto.hu\\\/webshop\\\/impresszum\\\/\",\"url\":\"https:\\\/\\\/szereczauto.hu\\\/webshop\\\/impresszum\\\/\",\"name\":\"Impresszum &#187; Szerecz Aut\u00f3alkatr\u00e9sz Web\u00e1ruh\u00e1z\",\"isPartOf\":{\"@id\":\"https:\\\/\\\/szereczauto.hu\\\/webshop\\\/#website\"},\"datePublished\":\"2015-07-09T16:40:20+00:00\",\"dateModified\":\"2019-05-29T10:51:00+00:00\",\"breadcrumb\":{\"@id\":\"https:\\\/\\\/szereczauto.hu\\\/webshop\\\/impresszum\\\/#breadcrumb\"},\"inLanguage\":\"hu\",\"potentialAction\":[{\"@type\":\"ReadAction\",\"target\":[\"https:\\\/\\\/szereczauto.hu\\\/webshop\\\/impresszum\\\/\"]}]},{\"@type\":\"BreadcrumbList\",\"@id\":\"https:\\\/\\\/szereczauto.hu\\\/webshop\\\/impresszum\\\/#breadcrumb\",\"itemListElement\":[{\"@type\":\"ListItem\",\"position\":1,\"name\":\"Home\",\"item\":\"https:\\\/\\\/szereczauto.hu\\\/webshop\\\/\"},{\"@type\":\"ListItem\",\"position\":2,\"name\":\"Impresszum\"}]},{\"@type\":\"WebSite\",\"@id\":\"https:\\\/\\\/szereczauto.hu\\\/webshop\\\/#website\",\"url\":\"https:\\\/\\\/szereczauto.hu\\\/webshop\\\/\",\"name\":\"Szerecz Aut\u00f3alkatr\u00e9sz Web\u00e1ruh\u00e1z\",\"description\":\"Szerecz Aut\u00f3 Kft. - Thule term\u00e9kek, aut\u00f3alkatr\u00e9szek web\u00e1ruh\u00e1za\",\"publisher\":{\"@id\":\"https:\\\/\\\/szereczauto.hu\\\/webshop\\\/#organization\"},\"potentialAction\":[{\"@type\":\"SearchAction\",\"target\":{\"@type\":\"EntryPoint\",\"urlTemplate\":\"https:\\\/\\\/szereczauto.hu\\\/webshop\\\/?s={search_term_string}\"},\"query-input\":{\"@type\":\"PropertyValueSpecification\",\"valueRequired\":true,\"valueName\":\"search_term_string\"}}],\"inLanguage\":\"hu\"},{\"@type\":\"Organization\",\"@id\":\"https:\\\/\\\/szereczauto.hu\\\/webshop\\\/#organization\",\"name\":\"Szerecz Aut\u00f3alkatr\u00e9sz Web\u00e1ruh\u00e1z\",\"url\":\"https:\\\/\\\/szereczauto.hu\\\/webshop\\\/\",\"logo\":{\"@type\":\"ImageObject\",\"inLanguage\":\"hu\",\"@id\":\"https:\\\/\\\/szereczauto.hu\\\/webshop\\\/#\\\/schema\\\/logo\\\/image\\\/\",\"url\":\"https:\\\/\\\/szereczauto.hu\\\/webshop\\\/wp-content\\\/uploads\\\/2018\\\/12\\\/Szerecz_fav_2018.png\",\"contentUrl\":\"https:\\\/\\\/szereczauto.hu\\\/webshop\\\/wp-content\\\/uploads\\\/2018\\\/12\\\/Szerecz_fav_2018.png\",\"width\":512,\"height\":512,\"caption\":\"Szerecz Aut\u00f3alkatr\u00e9sz Web\u00e1ruh\u00e1z\"},\"image\":{\"@id\":\"https:\\\/\\\/szereczauto.hu\\\/webshop\\\/#\\\/schema\\\/logo\\\/image\\\/\"},\"sameAs\":[\"https:\\\/\\\/www.facebook.com\\\/szereczauto\\\/\",\"https:\\\/\\\/www.youtube.com\\\/channel\\\/UCGA5LXUmL_i2xDxT2GNNEBQ\"]}]}<\/script>\n<!-- \/ Yoast SEO plugin. -->","yoast_head_json":{"title":"Impresszum &#187; Szerecz Aut\u00f3alkatr\u00e9sz Web\u00e1ruh\u00e1z","robots":{"index":"index","follow":"follow","max-snippet":"max-snippet:-1","max-image-preview":"max-image-preview:large","max-video-preview":"max-video-preview:-1"},"canonical":"https:\/\/szereczauto.hu\/webshop\/impresszum\/","og_locale":"hu_HU","og_type":"article","og_title":"Impresszum &#187; Szerecz Aut\u00f3alkatr\u00e9sz Web\u00e1ruh\u00e1z","og_description":"\u00dczemeltet\u0151: C\u00e9gn\u00e9v: Szerecz Aut\u00f3 Kft. Sz\u00e9khely: 7400 Kaposv\u00e1r, V\u00e1s\u00e1rt\u00e9r u. 4. C\u00e9gjegyz\u00e9ksz\u00e1m: 14-09-305761 Ad\u00f3sz\u00e1m: 13206354-2-14 C\u00e9get bejegyz\u0151 c\u00e9gb\u00edr\u00f3s\u00e1g: Kaposv\u00e1ri T\u00f6rv\u00e9nysz\u00e9k C\u00e9gbir\u00f3s\u00e1ga 7400 Kaposv\u00e1r, 48-as Ifjus\u00e1g \u00fatja 5. Telefon\/Fax: 06-82\/411-401, 06-82\/411-403, 06-82\/422-048 E-mail: szereczauto@szereczauto.hu A weboldal t\u00e1rhelyszolg\u00e1ltat\u00f3ja: Sybell Informatika Korl\u00e1tolt Felel\u0151ss\u00e9g\u0171 T\u00e1rsas\u00e1g Ad\u00f3sz\u00e1m: 25859502242 C\u00e9gjegyz\u00e9ksz\u00e1m: 01 09 293034 C\u00edm: 1158 Budapest, K\u00e9sm\u00e1rk u. 7\/b 2. em. [&hellip;]","og_url":"https:\/\/szereczauto.hu\/webshop\/impresszum\/","og_site_name":"Szerecz Aut\u00f3alkatr\u00e9sz Web\u00e1ruh\u00e1z","article_publisher":"https:\/\/www.facebook.com\/szereczauto\/","article_modified_time":"2019-05-29T10:51:00+00:00","schema":{"@context":"https:\/\/schema.org","@graph":[{"@type":"WebPage","@id":"https:\/\/szereczauto.hu\/webshop\/impresszum\/","url":"https:\/\/szereczauto.hu\/webshop\/impresszum\/","name":"Impresszum &#187; Szerecz Aut\u00f3alkatr\u00e9sz Web\u00e1ruh\u00e1z","isPartOf":{"@id":"https:\/\/szereczauto.hu\/webshop\/#website"},"datePublished":"2015-07-09T16:40:20+00:00","dateModified":"2019-05-29T10:51:00+00:00","breadcrumb":{"@id":"https:\/\/szereczauto.hu\/webshop\/impresszum\/#breadcrumb"},"inLanguage":"hu","potentialAction":[{"@type":"ReadAction","target":["https:\/\/szereczauto.hu\/webshop\/impresszum\/"]}]},{"@type":"BreadcrumbList","@id":"https:\/\/szereczauto.hu\/webshop\/impresszum\/#breadcrumb","itemListElement":[{"@type":"ListItem","position":1,"name":"Home","item":"https:\/\/szereczauto.hu\/webshop\/"},{"@type":"ListItem","position":2,"name":"Impresszum"}]},{"@type":"WebSite","@id":"https:\/\/szereczauto.hu\/webshop\/#website","url":"https:\/\/szereczauto.hu\/webshop\/","name":"Szerecz Aut\u00f3alkatr\u00e9sz Web\u00e1ruh\u00e1z","description":"Szerecz Aut\u00f3 Kft. - Thule term\u00e9kek, aut\u00f3alkatr\u00e9szek web\u00e1ruh\u00e1za","publisher":{"@id":"https:\/\/szereczauto.hu\/webshop\/#organization"},"potentialAction":[{"@type":"SearchAction","target":{"@type":"EntryPoint","urlTemplate":"https:\/\/szereczauto.hu\/webshop\/?s={search_term_string}"},"query-input":{"@type":"PropertyValueSpecification","valueRequired":true,"valueName":"search_term_string"}}],"inLanguage":"hu"},{"@type":"Organization","@id":"https:\/\/szereczauto.hu\/webshop\/#organization","name":"Szerecz Aut\u00f3alkatr\u00e9sz Web\u00e1ruh\u00e1z","url":"https:\/\/szereczauto.hu\/webshop\/","logo":{"@type":"ImageObject","inLanguage":"hu","@id":"https:\/\/szereczauto.hu\/webshop\/#\/schema\/logo\/image\/","url":"https:\/\/szereczauto.hu\/webshop\/wp-content\/uploads\/2018\/12\/Szerecz_fav_2018.png","contentUrl":"https:\/\/szereczauto.hu\/webshop\/wp-content\/uploads\/2018\/12\/Szerecz_fav_2018.png","width":512,"height":512,"caption":"Szerecz Aut\u00f3alkatr\u00e9sz Web\u00e1ruh\u00e1z"},"image":{"@id":"https:\/\/szereczauto.hu\/webshop\/#\/schema\/logo\/image\/"},"sameAs":["https:\/\/www.facebook.com\/szereczauto\/","https:\/\/www.youtube.com\/channel\/UCGA5LXUmL_i2xDxT2GNNEBQ"]}]}},"_links":{"self":[{"href":"https:\/\/szereczauto.hu\/webshop\/wp-json\/wp\/v2\/pages\/1855","targetHints":{"allow":["GET"]}}],"collection":[{"href":"https:\/\/szereczauto.hu\/webshop\/wp-json\/wp\/v2\/pages"}],"about":[{"href":"https:\/\/szereczauto.hu\/webshop\/wp-json\/wp\/v2\/types\/page"}],"author":[{"embeddable":true,"href":"https:\/\/szereczauto.hu\/webshop\/wp-json\/wp\/v2\/users\/1"}],"replies":[{"embeddable":true,"href":"https:\/\/szereczauto.hu\/webshop\/wp-json\/wp\/v2\/comments?post=1855"}],"version-history":[{"count":0,"href":"https:\/\/szereczauto.hu\/webshop\/wp-json\/wp\/v2\/pages\/1855\/revisions"}],"wp:attachment":[{"href":"https:\/\/szereczauto.hu\/webshop\/wp-json\/wp\/v2\/media?parent=1855"}],"curies":[{"name":"wp","href":"https:\/\/api.w.org\/{rel}","templated":true}]}}